{"id":1105,"date":"2014-02-12T09:22:20","date_gmt":"2014-02-12T09:22:20","guid":{"rendered":"http:\/\/ahac.net\/ahac-ar\/?page_id=1105"},"modified":"2014-04-30T06:47:24","modified_gmt":"2014-04-30T06:47:24","slug":"okna","status":"publish","type":"page","link":"http:\/\/ahac.net\/ahac-ar\/okna\/","title":{"rendered":"OKNA"},"content":{"rendered":"<p><img loading=\"lazy\" decoding=\"async\" class=\"alignnone size-full wp-image-1110\" alt=\"OKNA-ahac\" src=\"http:\/\/ahac.net\/ahac-ar\/wp-content\/uploads\/2014\/02\/OKNA-ahac.jpg\" width=\"750\" height=\"300\" srcset=\"http:\/\/ahac.net\/ahac-ar\/wp-content\/uploads\/2014\/02\/OKNA-ahac.jpg 750w, http:\/\/ahac.net\/ahac-ar\/wp-content\/uploads\/2014\/02\/OKNA-ahac-300x120.jpg 300w\" sizes=\"(max-width: 750px) 100vw, 750px\" \/><\/p>\n<div style=\"text-align: center;\">\n<hr \/>\n<\/div>\n<div>\n<table border=\"0\">\n<tbody>\n<tr>\n<td><a title=\"PVC okna Geneo\" href=\"http:\/\/ahac.net\/ahac-ar\/?page_id=259\"><img decoding=\"async\" class=\"aligncenter\" id=\"\" alt=\"GENEO - z vlakni oja\u010dan premium sistem , globine 86 mm za najvi\u0161je standarde oblikovanja in funkcionalnosti\" src=\"http:\/\/www.rehau.com\/linkableblob\/SI_sl\/494816\/teaserImageMedium\/GENEO_okna-teaserImageMedium.jpg\" \/><\/a><\/td>\n<td><a title=\"http:\/\/ahac.net\/ahac-ar\/?page_id=1114\" href=\"http:\/\/ahac.net\/ahac-ar\/?page_id=1114\" target=\"_blank\"><img loading=\"lazy\" decoding=\"async\" class=\"alignnone size-full wp-image-1116\" alt=\"Aluminium-ALU-TOP_86\" src=\"http:\/\/ahac.net\/ahac-ar\/wp-content\/uploads\/2014\/02\/Aluminium-ALU-TOP_86.jpg\" width=\"218\" height=\"218\" srcset=\"http:\/\/ahac.net\/ahac-ar\/wp-content\/uploads\/2014\/02\/Aluminium-ALU-TOP_86.jpg 218w, http:\/\/ahac.net\/ahac-ar\/wp-content\/uploads\/2014\/02\/Aluminium-ALU-TOP_86-150x150.jpg 150w\" sizes=\"(max-width: 218px) 100vw, 218px\" \/><\/a><\/td>\n<td><a title=\"http:\/\/ahac.net\/ahac-ar\/?page_id=291\" href=\"http:\/\/ahac.net\/ahac-ar\/?page_id=291\" target=\"_blank\"><img loading=\"lazy\" decoding=\"async\" class=\"alignnone size-full wp-image-1118\" alt=\"GENEO_drsno-potisna_vrata-teaserImageMedium\" src=\"http:\/\/ahac.net\/ahac-ar\/wp-content\/uploads\/2014\/02\/GENEO_drsno-potisna_vrata-teaserImageMedium.jpg\" width=\"218\" height=\"218\" srcset=\"http:\/\/ahac.net\/ahac-ar\/wp-content\/uploads\/2014\/02\/GENEO_drsno-potisna_vrata-teaserImageMedium.jpg 218w, http:\/\/ahac.net\/ahac-ar\/wp-content\/uploads\/2014\/02\/GENEO_drsno-potisna_vrata-teaserImageMedium-150x150.jpg 150w\" sizes=\"(max-width: 218px) 100vw, 218px\" \/><\/a><\/td>\n<\/tr>\n<tr>\n<td style=\"text-align: center;\"><a title=\"http:\/\/ahac.net\/ahac-ar\/?page_id=259\" href=\"http:\/\/ahac.net\/ahac-ar\/?page_id=259\">PVC OKNA REHAU<\/a><\/td>\n<td style=\"text-align: center;\"><a title=\"http:\/\/ahac.net\/ahac-ar\/?page_id=1114\" href=\"http:\/\/ahac.net\/ahac-ar\/?page_id=1114\" target=\"_blank\">PVC ALU OKNA REHAU<\/a><\/td>\n<td style=\"text-align: center;\"><a title=\"http:\/\/ahac.net\/ahac-ar\/?page_id=291\" href=\"http:\/\/ahac.net\/ahac-ar\/?page_id=291\" target=\"_blank\"> PVC PANORAMSKA OKNA<\/a><\/td>\n<\/tr>\n<tr>\n<td>\u00a0<\/td>\n<td>\u00a0<\/td>\n<td>\u00a0<\/td>\n<\/tr>\n<tr>\n<td><a title=\"http:\/\/ahac.net\/ahac-ar\/?page_id=1120\" href=\"http:\/\/ahac.net\/ahac-ar\/?page_id=1120\" target=\"_blank\"><img loading=\"lazy\" decoding=\"async\" class=\"alignnone size-full wp-image-1124\" alt=\"lesenaokna\" src=\"http:\/\/ahac.net\/ahac-ar\/wp-content\/uploads\/2014\/02\/lesenaokna.jpg\" width=\"218\" height=\"218\" srcset=\"http:\/\/ahac.net\/ahac-ar\/wp-content\/uploads\/2014\/02\/lesenaokna.jpg 218w, http:\/\/ahac.net\/ahac-ar\/wp-content\/uploads\/2014\/02\/lesenaokna-150x150.jpg 150w\" sizes=\"(max-width: 218px) 100vw, 218px\" \/><\/a><\/td>\n<td><a title=\"http:\/\/ahac.net\/ahac-ar\/?page_id=1126\" href=\"http:\/\/ahac.net\/ahac-ar\/?page_id=1126\"><img loading=\"lazy\" decoding=\"async\" class=\"alignnone size-full wp-image-1128\" alt=\"lesena-alu-okna\" src=\"http:\/\/ahac.net\/ahac-ar\/wp-content\/uploads\/2014\/02\/lesena-alu-okna.jpg\" width=\"218\" height=\"218\" srcset=\"http:\/\/ahac.net\/ahac-ar\/wp-content\/uploads\/2014\/02\/lesena-alu-okna.jpg 218w, http:\/\/ahac.net\/ahac-ar\/wp-content\/uploads\/2014\/02\/lesena-alu-okna-150x150.jpg 150w\" sizes=\"(max-width: 218px) 100vw, 218px\" \/><\/a><\/td>\n<td>\u00a0<a title=\"http:\/\/ahac.net\/ahac-ar\/pvc-okna-schuco\/\" href=\"http:\/\/ahac.net\/ahac-ar\/pvc-okna-schuco\/\"><img loading=\"lazy\" decoding=\"async\" class=\"alignnone  wp-image-1341\" alt=\"corona_si_82_schnitt\" src=\"http:\/\/ahac.net\/ahac-ar\/wp-content\/uploads\/2014\/04\/corona_si_82_schnitt.jpg\" width=\"218\" height=\"218\" \/><\/a><\/td>\n<\/tr>\n<tr>\n<td style=\"text-align: center;\"><a title=\"http:\/\/ahac.net\/ahac-ar\/?page_id=1120\" href=\"http:\/\/ahac.net\/ahac-ar\/?page_id=1120\" target=\"_blank\">LESENA OKNA AHAC<\/a><\/td>\n<td style=\"text-align: center;\"><a title=\"http:\/\/ahac.net\/ahac-ar\/?page_id=1126\" href=\"http:\/\/ahac.net\/ahac-ar\/?page_id=1126\">LESENA ALU OKNA AHAC<\/a><\/td>\n<td style=\"text-align: center;\"><a title=\"http:\/\/ahac.net\/ahac-ar\/pvc-okna-schuco\/\" href=\"http:\/\/ahac.net\/ahac-ar\/pvc-okna-schuco\/\">PVC OKNA Sch\u00fcco<\/a><\/td>\n<\/tr>\n<tr>\n<td>\u00a0<\/td>\n<td>\u00a0<\/td>\n<td>\u00a0<\/td>\n<\/tr>\n<\/tbody>\n<\/table>\n<\/div>\n<div>\u00a0<\/div>\n<p><strong>Okna &#8211; PVC, ALU PVC in LESENA OKNA, VRATA in SEN\u010cILA AHAC A&amp;R<\/strong><\/p>\n<p><a href=\"http:\/\/ahac.net\/ahac-ar\/wp-content\/uploads\/2014\/02\/logorechau-300x135.jpg\"><img loading=\"lazy\" decoding=\"async\" class=\"wp-image-1311 alignleft\" alt=\"logorechau-300x135\" src=\"http:\/\/ahac.net\/ahac-ar\/wp-content\/uploads\/2014\/02\/logorechau-300x135.jpg\" width=\"180\" height=\"81\" \/><\/a>V za\u010detku leta 2007 smo pri\u010deli z lastno proizvodnjo PVC in PVC ALU oken in vrat iz profilov REHAU in okovja G-U ter ROTO. \u017de prej pa smo bili poobla\u0161\u010deni monter in serviser PVC elementov drugih proizvajalcev. Za ve\u010d informacij si oglejte katalog REHAU. V njem najdete opise ter tehni\u010dne lastnosti oken iz programa REHAU BRILLIANT-DESIGN. S partnerji razvijamo tudi lesena in lesena ALU okna. Tako imamo pokrito vso paleto stavbnega pohi\u0161tva v vseh kvalitetah, izvedbah in cenovnih razponih.\u00a0 Da bi zadovoljili vse potrebe na\u0161ih cenjenih strank, smo v program proizvodnje dodali tudi profile Sch\u00fcco.<\/p>\n<p style=\"text-align: justify;\">V kolikor razmi\u0161ljate o nakupu stavbnega pohi\u0161tva, nas o tem obvestite. K vam bomo napotili enega svojih monterjev, ki vam bo na podlagi va\u0161ih \u017eelja, naredil natan\u010dne izmere elementov ter vam hkrati tudi svetoval. Vsi na\u0161i izdelki bodo imeli obljubljene lastnosti, \u010de jih bodo na objekt vgradili na\u0161i monterji, ki upo\u0161tevajo standarde monta\u017ee.<\/p>\n<p style=\"text-align: justify;\"><a title=\"http:\/\/ahac.net\/ahac-ar\/?page_id=1196\" href=\"http:\/\/ahac.net\/ahac-ar\/?page_id=1196\">Ve\u010d o individualni zasnovi oken &gt;<\/a><\/p>\n<p style=\"text-align: justify;\"><a title=\"Okna in vrata\" href=\"http:\/\/ahac.net\/ahac-ar\/?page_id=925\">Galerija oken in vrat &gt;<\/a><\/p>\n<p style=\"text-align: justify;\">\u00a0<\/p>\n<p>\u00a0<strong>KATALOGI OKNA IN VRATA REHAU<\/strong><\/p>\n<table border=\"0\">\n<tbody>\n<tr>\n<td><strong><img loading=\"lazy\" decoding=\"async\" alt=\"pdf_small\" src=\"http:\/\/ahac.net\/ahac-ar\/wp-content\/uploads\/2014\/01\/pdf_small.gif\" width=\"16\" height=\"16\" \/> <\/strong><a title=\"Katalog rehau Geneo PDF\" href=\"https:\/\/drive.google.com\/file\/d\/0B16EJDHKi4TvN20zR25yRGlBVWs\/edit?usp=sharing\" target=\"_blank\">Katalog Rehau Geneo Ahac (pdf)<\/a><strong><\/strong><\/td>\n<td>\u00a0<\/td>\n<td><strong><img loading=\"lazy\" decoding=\"async\" alt=\"issuulogo\" src=\"http:\/\/ahac.net\/ahac-ar\/wp-content\/uploads\/2014\/01\/issuulogo.jpg\" width=\"16\" height=\"16\" \/> <\/strong><a title=\"http:\/\/issuu.com\/ahac\/docs\/rehau_geneo_ahac_14022014\" href=\"http:\/\/issuu.com\/ahac\/docs\/rehau_geneo_ahac_14022014\" target=\"_blank\">Katalog Rehau Geneo Ahac (flash)<\/a><\/td>\n<\/tr>\n<tr>\n<td><img loading=\"lazy\" decoding=\"async\" alt=\"pdf_small\" src=\"http:\/\/ahac.net\/ahac-ar\/wp-content\/uploads\/2014\/01\/pdf_small.gif\" width=\"16\" height=\"16\" \/> <a title=\"https:\/\/drive.google.com\/file\/d\/0B16EJDHKi4Tvc1hyTzZzNjljaUU\/edit?usp=sharing\" href=\"https:\/\/drive.google.com\/file\/d\/0B16EJDHKi4Tvc1hyTzZzNjljaUU\/edit?usp=sharing\" target=\"_blank\">Katalog PVC ALU okna Rehau Geneo (pdf)<\/a><\/td>\n<td>\u00a0<\/td>\n<td><img loading=\"lazy\" decoding=\"async\" alt=\"issuulogo\" src=\"http:\/\/ahac.net\/ahac-ar\/wp-content\/uploads\/2014\/01\/issuulogo.jpg\" width=\"16\" height=\"16\" \/> <a title=\"http:\/\/issuu.com\/ahac\/docs\/980703_sl_aluvorsatzschale_07-2013_?e=10557547\/6699159\" href=\"http:\/\/issuu.com\/ahac\/docs\/980703_sl_aluvorsatzschale_07-2013_?e=10557547\/6699159\" target=\"_blank\">Katalog PVC ALU okna Rehau Geneo (flash)<\/a><\/td>\n<\/tr>\n<tr>\n<td>\u00a0<\/td>\n<td>\u00a0<\/td>\n<td>\u00a0<\/td>\n<\/tr>\n<tr>\n<td><strong><img loading=\"lazy\" decoding=\"async\" alt=\"pdf_small\" src=\"http:\/\/ahac.net\/ahac-ar\/wp-content\/uploads\/2014\/01\/pdf_small.gif\" width=\"16\" height=\"16\" \/> <\/strong><a title=\"https:\/\/drive.google.com\/file\/d\/0B16EJDHKi4TvZzU4ZFM4cnJpdE0\/edit?usp=sharing\" href=\"https:\/\/drive.google.com\/file\/d\/0B16EJDHKi4TvZzU4ZFM4cnJpdE0\/edit?usp=sharing\" target=\"_blank\">Barvna karta REHAU &#8211; RAL sistem (pdf)<\/a><\/td>\n<td>\u00a0<\/td>\n<td><img loading=\"lazy\" decoding=\"async\" alt=\"issuulogo\" src=\"http:\/\/ahac.net\/ahac-ar\/wp-content\/uploads\/2014\/01\/issuulogo.jpg\" width=\"16\" height=\"16\" \/> <a title=\"http:\/\/issuu.com\/ahac\/docs\/okenski__sistemi_prospekt_oblik_bar\" href=\"http:\/\/issuu.com\/ahac\/docs\/okenski__sistemi_prospekt_oblik_bar\" target=\"_blank\">Barvna karta &#8211; RAL sistem (flash)<\/a><\/td>\n<\/tr>\n<tr>\n<td><strong><img loading=\"lazy\" decoding=\"async\" alt=\"pdf_small\" src=\"http:\/\/ahac.net\/ahac-ar\/wp-content\/uploads\/2014\/01\/pdf_small.gif\" width=\"16\" height=\"16\" \/> <\/strong><a title=\"https:\/\/drive.google.com\/file\/d\/0B16EJDHKi4TvMF9ILWNZbE1ib1U\/edit?usp=sharing\" href=\"https:\/\/drive.google.com\/file\/d\/0B16EJDHKi4TvMF9ILWNZbE1ib1U\/edit?usp=sharing\" target=\"_blank\">Barvna karta REHAU standardna &#8211; od lesa do UNI (pdf)<\/a><\/td>\n<td>\u00a0<\/td>\n<td><img loading=\"lazy\" decoding=\"async\" alt=\"issuulogo\" src=\"http:\/\/ahac.net\/ahac-ar\/wp-content\/uploads\/2014\/01\/issuulogo.jpg\" width=\"16\" height=\"16\" \/> <a title=\"http:\/\/issuu.com\/ahac\/docs\/standardna__barvna_karta_700062_12_\" href=\"http:\/\/issuu.com\/ahac\/docs\/standardna__barvna_karta_700062_12_\" target=\"_blank\">Barvna karta REHAU standardna &#8211; od lesa do UNI (flash)<\/a><\/td>\n<\/tr>\n<tr>\n<td><a title=\"https:\/\/drive.google.com\/file\/d\/0B16EJDHKi4TvVkd1a201ZF9uRkk\/edit?usp=sharing\" href=\"https:\/\/drive.google.com\/file\/d\/0B16EJDHKi4TvVkd1a201ZF9uRkk\/edit?usp=sharing\" target=\"_blank\"><img loading=\"lazy\" decoding=\"async\" alt=\"pdf_small\" src=\"http:\/\/ahac.net\/ahac-ar\/wp-content\/uploads\/2014\/01\/pdf_small.gif\" width=\"16\" height=\"16\" \/> Barvna karta REHAU izvenstandardna &#8211; od lesa do UNI (pdf)<\/a><\/td>\n<td>\u00a0<\/td>\n<td><img loading=\"lazy\" decoding=\"async\" alt=\"issuulogo\" src=\"http:\/\/ahac.net\/ahac-ar\/wp-content\/uploads\/2014\/01\/issuulogo.jpg\" width=\"16\" height=\"16\" \/> <a title=\"http:\/\/issuu.com\/ahac\/docs\/izvenstandardna_karta_700063__12_20\" href=\"http:\/\/issuu.com\/ahac\/docs\/izvenstandardna_karta_700063__12_20\" target=\"_blank\">Barvna karta REHAU izvenstandardna &#8211; od lesa do UNI (flash)<\/a><\/td>\n<\/tr>\n<\/tbody>\n<\/table>\n<p>&nbsp;<\/p>\n<p><strong>KATALOGI LESENA OKNA<br \/><\/strong><\/p>\n<table border=\"0\">\n<tbody>\n<tr>\n<td><strong><img loading=\"lazy\" decoding=\"async\" alt=\"pdf_small\" src=\"http:\/\/ahac.net\/ahac-ar\/wp-content\/uploads\/2014\/01\/pdf_small.gif\" width=\"16\" height=\"16\" \/> <\/strong><a title=\"https:\/\/drive.google.com\/file\/d\/0B16EJDHKi4TvSlpPb05LcVh3czQ\/edit?usp=sharing\" href=\"https:\/\/drive.google.com\/file\/d\/0B16EJDHKi4TvSlpPb05LcVh3czQ\/edit?usp=sharing\" target=\"_blank\">Lesena okna (pdf)<\/a><strong><\/strong><\/td>\n<td>\u00a0<\/td>\n<td><strong><img loading=\"lazy\" decoding=\"async\" alt=\"issuulogo\" src=\"http:\/\/ahac.net\/ahac-ar\/wp-content\/uploads\/2014\/01\/issuulogo.jpg\" width=\"16\" height=\"16\" \/> <\/strong><a title=\"http:\/\/issuu.com\/ahac\/docs\/gasper_katalog_slo_14022014\" href=\"http:\/\/issuu.com\/ahac\/docs\/gasper_katalog_slo_14022014\" target=\"_blank\">Lesena okna (flash)<\/a><\/td>\n<\/tr>\n<\/tbody>\n<\/table>\n","protected":false},"excerpt":{"rendered":"<p>PVC OKNA REHAU PVC ALU OKNA REHAU PVC PANORAMSKA OKNA \u00a0 \u00a0 \u00a0 \u00a0 LESENA OKNA AHAC LESENA ALU OKNA AHAC PVC OKNA Sch\u00fcco \u00a0 \u00a0 \u00a0 \u00a0 Okna &#8211; PVC, ALU PVC in LESENA OKNA, VRATA in SEN\u010cILA AHAC A&amp;R V za\u010detku leta 2007 smo pri\u010deli z lastno proizvodnjo PVC in PVC ALU oken [&hellip;]<\/p>\n","protected":false},"author":5,"featured_media":0,"parent":0,"menu_order":0,"comment_status":"open","ping_status":"closed","template":"page-sidebar-right.php","meta":{"footnotes":""},"_links":{"self":[{"href":"http:\/\/ahac.net\/ahac-ar\/wp-json\/wp\/v2\/pages\/1105"}],"collection":[{"href":"http:\/\/ahac.net\/ahac-ar\/wp-json\/wp\/v2\/pages"}],"about":[{"href":"http:\/\/ahac.net\/ahac-ar\/wp-json\/wp\/v2\/types\/page"}],"author":[{"embeddable":true,"href":"http:\/\/ahac.net\/ahac-ar\/wp-json\/wp\/v2\/users\/5"}],"replies":[{"embeddable":true,"href":"http:\/\/ahac.net\/ahac-ar\/wp-json\/wp\/v2\/comments?post=1105"}],"version-history":[{"count":19,"href":"http:\/\/ahac.net\/ahac-ar\/wp-json\/wp\/v2\/pages\/1105\/revisions"}],"predecessor-version":[{"id":1356,"href":"http:\/\/ahac.net\/ahac-ar\/wp-json\/wp\/v2\/pages\/1105\/revisions\/1356"}],"wp:attachment":[{"href":"http:\/\/ahac.net\/ahac-ar\/wp-json\/wp\/v2\/media?parent=1105"}],"curies":[{"name":"wp","href":"https:\/\/api.w.org\/{rel}","templated":true}]}}