{"id":1120,"date":"2014-02-12T09:38:51","date_gmt":"2014-02-12T09:38:51","guid":{"rendered":"http:\/\/ahac.net\/ahac-ar\/?page_id=1120"},"modified":"2014-02-19T22:48:01","modified_gmt":"2014-02-19T22:48:01","slug":"lesena-okna","status":"publish","type":"page","link":"http:\/\/ahac.net\/ahac-ar\/lesena-okna\/","title":{"rendered":"Lesena okna"},"content":{"rendered":"<p><img loading=\"lazy\" decoding=\"async\" class=\"alignnone size-full wp-image-1288\" alt=\"lesenaokna750\" src=\"http:\/\/ahac.net\/ahac-ar\/wp-content\/uploads\/2014\/02\/lesenaokna750.jpg\" width=\"750\" height=\"250\" srcset=\"http:\/\/ahac.net\/ahac-ar\/wp-content\/uploads\/2014\/02\/lesenaokna750.jpg 750w, http:\/\/ahac.net\/ahac-ar\/wp-content\/uploads\/2014\/02\/lesenaokna750-300x100.jpg 300w\" sizes=\"(max-width: 750px) 100vw, 750px\" \/><\/p>\n<p style=\"text-align: justify;\">\u00a0<\/p>\n<p style=\"text-align: justify;\"><strong><img loading=\"lazy\" decoding=\"async\" class=\"size-full wp-image-1132 alignleft\" alt=\"Lesenaokna1\" src=\"http:\/\/ahac.net\/ahac-ar\/wp-content\/uploads\/2014\/02\/Lesenaokna1.jpg\" width=\"120\" height=\"249\" \/><\/strong><\/p>\n<p style=\"text-align: justify;\"><strong>Lesena okna<\/strong> \u017ee sama po sebi ustvarjajo lep\u0161i in prijetnej\u0161i videz bivalnega okolja. Okna ustvarjajo dom &#8211; spodbujajo prijetno razpolo\u017eenje, ob\u010dutek topline in udobja.\u00a0 <em>Okna iz lesa so var\u010dna okna.<\/em> Poleg tega jih enostavno in poceni vzdr\u017eujete. Negovanje oken pa podalj\u0161uje njihovo trajnost. Lesena okna Prima so izdelana iz najkakovostnej\u0161ega lesa. V kombinaciji s termopan stekli predstavljajo <strong>odli\u010den zvo\u010dni in toplotni izolator<\/strong>.<\/p>\n<hr \/>\n<p>\u00a0<strong>Okna izdelujemo iz: <\/strong>smrekovega lesa, macesnovega lesa, hrastovega lesa in lesa eksoti\u010dnih vrst.<\/p>\n<p><strong><a title=\"http:\/\/ahac.net\/ahac-ar\/?page_id=1149\" href=\"http:\/\/ahac.net\/ahac-ar\/?page_id=1149\" target=\"_blank\">Modeli lesenih oken &gt;<\/a><\/strong><\/p>\n<p><strong><em><a title=\"http:\/\/ahac.net\/ahac-ar\/?page_id=1207\" href=\"http:\/\/ahac.net\/ahac-ar\/?page_id=1207\">Barvna karta &gt;<\/a><\/em><\/strong><\/p>\n<div id=\"home_left\">\n<p><strong>Prednosti:<\/strong><\/p>\n<ul>\n<li>ve\u010dslojno lepljeni leseni okvirji<\/li>\n<li>vgradna globina podboja 68 mm ali 78 mm<\/li>\n<li>ekolo\u0161ka za\u0161\u010dita lesa po barvni karti<\/li>\n<li>visoka stabilnost vogalnih spojev<\/li>\n<li>zaobljeni detajli kril in podbojev<\/li>\n<li>mo\u017enost 4-kratne za\u0161\u010dite lesa in 10 letna RSG garancija<\/li>\n<li>dodatna za\u0161\u010dita &#8220;V&#8221; spojev<\/li>\n<li>mo\u017enost izbire razli\u010dne barve zunaj in znotraj<\/li>\n<li>skrito pritrjene steklitvene letvice<\/li>\n<li>debelina stekla do 40 mm \u2212 toplotna in zvo\u010dna izolativnost, varnost&#8230;<\/li>\n<li>trajnoelasti\u010den kit na zunanji in notranji strani<\/li>\n<li>okovje v srebrni barvi<\/li>\n<li>ALU odkapna letev s prekinjenim toplotnim mostom<\/li>\n<li>ALU krilna odkapna letev<\/li>\n<li>izvedba s steklitveno letvico s prekrivanjem, mo\u017enost dodatnega tesnila<\/li>\n<\/ul>\n<\/div>\n<hr \/>\n<p style=\"text-align: justify;\"><a href=\"http:\/\/ahac.net\/ahac-ar\/wp-content\/uploads\/2014\/02\/prima78_sl.jpg\"><img loading=\"lazy\" decoding=\"async\" class=\"size-full wp-image-1139 alignleft\" alt=\"Lesenaokna2\" src=\"http:\/\/ahac.net\/ahac-ar\/wp-content\/uploads\/2014\/02\/Lesenaokna2.jpg\" width=\"120\" height=\"203\" \/><\/a>Glede oblike in izbire barv se pri vsakem oknu posvetimo \u017eeljam naro\u010dnika. Les je prilagodljiv material. Izkori\u0161\u010damo to njegovo prednost in v kombinaciji s \u0161iroko izbiro premazov ugodimo vsakemu okusu. S partnerjem izdelujemo lesena okna Prima s standardiziranim euro profilom 68 ali 78 mm, ki so primerna za vsak interier in vsake podnebne razmere. Popolna Aidol Induline povr\u0161inska obdelava, ki jo uvajamo v skladu z Remmers sistemsko garancijo, lahko samo pove\u010da njegovo uporabnost. Pri izdelavi lesenih oken Prima uporabljamo sodobno tehnologijo obdelave. Integriran postopek za\u0161\u010dite lesa se za\u010dne \u017ee pri sami izdelavi v stroju. Okna so okolju prijaznej\u0161a, saj ustrezajo nizkoenergijskim standardom in so za\u0161\u010ditena z ekolo\u0161kimi premazi. Vedno se prilagajamo va\u0161im predstavam ter z malo domi\u0161ljije uresni\u010dujemo tudi nenavadne oblike in individualne \u017eelje. Poleg tega je vsako na\u0161e leseno okno unikat, saj je proizvodnja tehnolo\u0161ko prilagojena mo\u017enostim uresni\u010ditve okna \u00bbpo meri\u00ab.<\/p>\n<p style=\"text-align: justify;\"><strong><em><a title=\"http:\/\/ahac.net\/ahac-ar\/?page_id=1149\" href=\"http:\/\/ahac.net\/ahac-ar\/?page_id=1149\" target=\"_blank\">Modela lesenih oken Prima 6.8 in 7.8&gt;<\/a><\/em><\/strong><\/p>\n<p style=\"text-align: justify;\"><strong><em><a title=\"http:\/\/ahac.net\/ahac-ar\/?page_id=1207\" href=\"http:\/\/ahac.net\/ahac-ar\/?page_id=1207\">Barvna karta &gt;<\/a><\/em><\/strong><\/p>\n<p style=\"text-align: justify;\"><em>Se pri nakupu \u0161e odlo\u010date med lesenimi in les\/alu okni? <a title=\"http:\/\/ahac.net\/ahac-ar\/?page_id=1126\" href=\"http:\/\/ahac.net\/ahac-ar\/?page_id=1126\">Oglejte si \u0161e les alu okna Lux &gt;<\/a><\/em><\/p>\n<p style=\"text-align: justify;\">\u00a0<\/p>\n<p><strong>KATALOG LESENA OKNA<br \/><\/strong><\/p>\n<table border=\"0\">\n<tbody>\n<tr>\n<td><strong><img loading=\"lazy\" decoding=\"async\" alt=\"pdf_small\" src=\"http:\/\/ahac.net\/ahac-ar\/wp-content\/uploads\/2014\/01\/pdf_small.gif\" width=\"16\" height=\"16\" \/> <\/strong><a title=\"https:\/\/drive.google.com\/file\/d\/0B16EJDHKi4TvSlpPb05LcVh3czQ\/edit?usp=sharing\" href=\"https:\/\/drive.google.com\/file\/d\/0B16EJDHKi4TvSlpPb05LcVh3czQ\/edit?usp=sharing\" target=\"_blank\">Lesena okna (pdf)<\/a><strong><\/strong><\/td>\n<td>\u00a0<\/td>\n<td><strong><img loading=\"lazy\" decoding=\"async\" alt=\"issuulogo\" src=\"http:\/\/ahac.net\/ahac-ar\/wp-content\/uploads\/2014\/01\/issuulogo.jpg\" width=\"16\" height=\"16\" \/> <\/strong><a title=\"http:\/\/issuu.com\/ahac\/docs\/gasper_katalog_slo_14022014\" href=\"http:\/\/issuu.com\/ahac\/docs\/gasper_katalog_slo_14022014\" target=\"_blank\">Lesena okna (flash)<\/a><\/td>\n<\/tr>\n<\/tbody>\n<\/table>\n","protected":false},"excerpt":{"rendered":"<p>\u00a0 Lesena okna \u017ee sama po sebi ustvarjajo lep\u0161i in prijetnej\u0161i videz bivalnega okolja. Okna ustvarjajo dom &#8211; spodbujajo prijetno razpolo\u017eenje, ob\u010dutek topline in udobja.\u00a0 Okna iz lesa so var\u010dna okna. Poleg tega jih enostavno in poceni vzdr\u017eujete. Negovanje oken pa podalj\u0161uje njihovo trajnost. Lesena okna Prima so izdelana iz najkakovostnej\u0161ega lesa. V kombinaciji s [&hellip;]<\/p>\n","protected":false},"author":5,"featured_media":0,"parent":0,"menu_order":0,"comment_status":"open","ping_status":"closed","template":"page-sidebar-right.php","meta":{"footnotes":""},"_links":{"self":[{"href":"http:\/\/ahac.net\/ahac-ar\/wp-json\/wp\/v2\/pages\/1120"}],"collection":[{"href":"http:\/\/ahac.net\/ahac-ar\/wp-json\/wp\/v2\/pages"}],"about":[{"href":"http:\/\/ahac.net\/ahac-ar\/wp-json\/wp\/v2\/types\/page"}],"author":[{"embeddable":true,"href":"http:\/\/ahac.net\/ahac-ar\/wp-json\/wp\/v2\/users\/5"}],"replies":[{"embeddable":true,"href":"http:\/\/ahac.net\/ahac-ar\/wp-json\/wp\/v2\/comments?post=1120"}],"version-history":[{"count":23,"href":"http:\/\/ahac.net\/ahac-ar\/wp-json\/wp\/v2\/pages\/1120\/revisions"}],"predecessor-version":[{"id":1291,"href":"http:\/\/ahac.net\/ahac-ar\/wp-json\/wp\/v2\/pages\/1120\/revisions\/1291"}],"wp:attachment":[{"href":"http:\/\/ahac.net\/ahac-ar\/wp-json\/wp\/v2\/media?parent=1120"}],"curies":[{"name":"wp","href":"https:\/\/api.w.org\/{rel}","templated":true}]}}