{"id":1126,"date":"2014-02-12T09:43:58","date_gmt":"2014-02-12T09:43:58","guid":{"rendered":"http:\/\/ahac.net\/ahac-ar\/?page_id=1126"},"modified":"2014-02-19T22:52:59","modified_gmt":"2014-02-19T22:52:59","slug":"lesena-alu-okna","status":"publish","type":"page","link":"http:\/\/ahac.net\/ahac-ar\/lesena-alu-okna\/","title":{"rendered":"Lesena Alu OKNA"},"content":{"rendered":"<p><img loading=\"lazy\" decoding=\"async\" class=\"alignnone size-full wp-image-1296\" alt=\"lesenaoknaALU750\" src=\"http:\/\/ahac.net\/ahac-ar\/wp-content\/uploads\/2014\/02\/lesenaoknaALU7501.jpg\" width=\"750\" height=\"250\" srcset=\"http:\/\/ahac.net\/ahac-ar\/wp-content\/uploads\/2014\/02\/lesenaoknaALU7501.jpg 750w, http:\/\/ahac.net\/ahac-ar\/wp-content\/uploads\/2014\/02\/lesenaoknaALU7501-300x100.jpg 300w\" sizes=\"(max-width: 750px) 100vw, 750px\" \/><\/p>\n<p style=\"text-align: justify;\"><a title=\"http:\/\/ahac.net\/ahac-ar\/?page_id=1168\" href=\"http:\/\/ahac.net\/ahac-ar\/?page_id=1168\"><img loading=\"lazy\" decoding=\"async\" class=\"size-full wp-image-1156 alignleft\" alt=\"lux87_aluokna1\" src=\"http:\/\/ahac.net\/ahac-ar\/wp-content\/uploads\/2014\/02\/lux87_aluokna1.jpg\" width=\"120\" height=\"203\" \/><\/a>Okna iz kombinacije lesa in aluminija predstavljajo <strong>na\u0161 tehnolo\u0161ko najbolj dovr\u0161en izdelek<\/strong>. <strong>Trdnemu lesenemu jedru <\/strong>okna je iz zunanje strani dodatno <strong>pritrjena \u0161e aluminijasta maska z varjenimi vogalnimi spoji<\/strong>, ki \u0161\u010diti les pred vremenskimi vplivi ter mu daje tudi estetski videz.<\/p>\n<hr \/>\n<p style=\"text-align: justify;\"><strong>Aluminij <\/strong>je trden in vzdr\u017eljiv material. \u010ce je ustrezno obdelan, je odporen na vplive vremena in prakti\u010dno neuni\u010dljiv. Sam po sebi aluminij nima idealnih izolacijskih lastnosti, niti toplotnih niti zvo\u010dnih in predstavlja za veliko notranjih prostorov hladen material.<\/p>\n<hr \/>\n<p style=\"text-align: justify;\">\u00a0<\/p>\n<div id=\"home_left\">\n<p style=\"text-align: justify;\"><strong>Prednosti:<\/strong><\/p>\n<ul style=\"text-align: justify;\">\n<li>aluminijasta maska z varjenimi vogalnimi spoji na zunanji strani okna v barvah bogate RAL lestvice<\/li>\n<li>ve\u010dslojno lepljeni leseni okvirji<\/li>\n<li>vgradna globina podboja 87 mm ali 97 mm<\/li>\n<li>ekolo\u0161ka za\u0161\u010dita lesa po\u00a0barvni karti<\/li>\n<li>visoka stabilnost vogalnih spojev<\/li>\n<li>zaobljeni robovi na krilu in podboju<\/li>\n<li>mo\u017enost 4-kratne za\u0161\u010dite lesa in 10 letna RSG garancija<\/li>\n<li>dodatna za\u0161\u010dita &#8220;V&#8221; spojev<\/li>\n<li>mo\u017enost izbire razli\u010dne barve zunaj in znotraj<\/li>\n<li>debelina stekla od 24 do 36 mm \u2212 toplotna in zvo\u010dna izolativnost, varnost&#8230;<\/li>\n<li>mo\u017enost dodatnega, tretjega tesnila<\/li>\n<li>trajnoelasti\u010den kit na zunanji in notranji strani<\/li>\n<li>okovje v srebrni barvi<\/li>\n<li>izvedba s steklitveno letvico Lux s prekrivanjem ali integrirano letvico Lux Integra<\/li>\n<\/ul>\n<\/div>\n<hr size=\"2\" width=\"100%\" \/>\n<div style=\"text-align: justify;\"><a title=\"http:\/\/ahac.net\/ahac-ar\/?page_id=1168\" href=\"http:\/\/ahac.net\/ahac-ar\/?page_id=1168\"><img decoding=\"async\" class=\"alignleft\" alt=\"\" src=\"http:\/\/www.gasper.si\/images\/izdelki\/lux97_thumb.jpg\" \/><\/a><strong>LES\/ALU okna LUX <\/strong>predstavljajo zdru\u017eitev njunih najbolj\u0161ih lastnosti. V notranjosti prostorov je ohranjena toplina lesa, ki je na zunanji strani za\u0161\u010ditena pred vremenskimi vplivi, hkrati okna premorejo dobro izolacijo. Najbolj jih odlikuje trajnost. Barvo aluminija lahko izbirate po RAL barvni karti.<\/div>\n<div style=\"text-align: justify;\">\u00a0<\/div>\n<div style=\"text-align: justify;\"><em><strong><a title=\"http:\/\/ahac.net\/ahac-ar\/?page_id=1168\" href=\"http:\/\/ahac.net\/ahac-ar\/?page_id=1168\">Modeli LESENIH ALU OKEN &gt;<\/a><\/strong><\/em><\/div>\n<div style=\"text-align: justify;\"><strong><em><a title=\"http:\/\/ahac.net\/ahac-ar\/?page_id=1207\" href=\"http:\/\/ahac.net\/ahac-ar\/?page_id=1207\">Barvna karta &gt;<\/a><\/em><\/strong><\/div>\n<div style=\"text-align: justify;\">\u00a0<\/div>\n<div style=\"text-align: justify;\">\u00a0<\/div>\n<div style=\"text-align: justify;\">\u00a0<\/div>\n<div style=\"text-align: justify;\">\u00a0<\/div>\n<div style=\"text-align: justify;\">\u00a0<\/div>\n<div style=\"text-align: justify;\">\n<p><strong>KATALOG LESENA OKNA<br \/><\/strong><\/p>\n<table border=\"0\">\n<tbody>\n<tr>\n<td><strong><img loading=\"lazy\" decoding=\"async\" alt=\"pdf_small\" src=\"http:\/\/ahac.net\/ahac-ar\/wp-content\/uploads\/2014\/01\/pdf_small.gif\" width=\"16\" height=\"16\" \/> <\/strong><a title=\"https:\/\/drive.google.com\/file\/d\/0B16EJDHKi4TvSlpPb05LcVh3czQ\/edit?usp=sharing\" href=\"https:\/\/drive.google.com\/file\/d\/0B16EJDHKi4TvSlpPb05LcVh3czQ\/edit?usp=sharing\" target=\"_blank\">Lesena okna (pdf)<\/a><strong><\/strong><\/td>\n<td>\u00a0<\/td>\n<td><strong><img loading=\"lazy\" decoding=\"async\" alt=\"issuulogo\" src=\"http:\/\/ahac.net\/ahac-ar\/wp-content\/uploads\/2014\/01\/issuulogo.jpg\" width=\"16\" height=\"16\" \/> <\/strong><a title=\"http:\/\/issuu.com\/ahac\/docs\/gasper_katalog_slo_14022014\" href=\"http:\/\/issuu.com\/ahac\/docs\/gasper_katalog_slo_14022014\" target=\"_blank\">Lesena okna (flash)<\/a><\/td>\n<\/tr>\n<\/tbody>\n<\/table>\n<\/div>\n","protected":false},"excerpt":{"rendered":"<p>Okna iz kombinacije lesa in aluminija predstavljajo na\u0161 tehnolo\u0161ko najbolj dovr\u0161en izdelek. Trdnemu lesenemu jedru okna je iz zunanje strani dodatno pritrjena \u0161e aluminijasta maska z varjenimi vogalnimi spoji, ki \u0161\u010diti les pred vremenskimi vplivi ter mu daje tudi estetski videz. Aluminij je trden in vzdr\u017eljiv material. \u010ce je ustrezno obdelan, je odporen na vplive [&hellip;]<\/p>\n","protected":false},"author":5,"featured_media":0,"parent":0,"menu_order":0,"comment_status":"open","ping_status":"closed","template":"page-sidebar-right.php","meta":{"footnotes":""},"_links":{"self":[{"href":"http:\/\/ahac.net\/ahac-ar\/wp-json\/wp\/v2\/pages\/1126"}],"collection":[{"href":"http:\/\/ahac.net\/ahac-ar\/wp-json\/wp\/v2\/pages"}],"about":[{"href":"http:\/\/ahac.net\/ahac-ar\/wp-json\/wp\/v2\/types\/page"}],"author":[{"embeddable":true,"href":"http:\/\/ahac.net\/ahac-ar\/wp-json\/wp\/v2\/users\/5"}],"replies":[{"embeddable":true,"href":"http:\/\/ahac.net\/ahac-ar\/wp-json\/wp\/v2\/comments?post=1126"}],"version-history":[{"count":17,"href":"http:\/\/ahac.net\/ahac-ar\/wp-json\/wp\/v2\/pages\/1126\/revisions"}],"predecessor-version":[{"id":1297,"href":"http:\/\/ahac.net\/ahac-ar\/wp-json\/wp\/v2\/pages\/1126\/revisions\/1297"}],"wp:attachment":[{"href":"http:\/\/ahac.net\/ahac-ar\/wp-json\/wp\/v2\/media?parent=1126"}],"curies":[{"name":"wp","href":"https:\/\/api.w.org\/{rel}","templated":true}]}}