{"id":259,"date":"2014-01-14T06:04:43","date_gmt":"2014-01-14T06:04:43","guid":{"rendered":"http:\/\/ahac.net\/ahac-ar\/?page_id=259"},"modified":"2014-02-16T07:02:46","modified_gmt":"2014-02-16T07:02:46","slug":"pvc-okna","status":"publish","type":"page","link":"http:\/\/ahac.net\/ahac-ar\/pvc-okna\/","title":{"rendered":"PVC OKNA Rehau"},"content":{"rendered":"<p><img loading=\"lazy\" decoding=\"async\" class=\"alignnone size-full wp-image-362\" alt=\"GENEO_okenski_sistemi_-_prospekt_za_inveritorja-data-1\" src=\"http:\/\/ahac.net\/ahac-ar\/wp-content\/uploads\/2014\/01\/GENEO_okenski_sistemi_-_prospekt_za_inveritorja-data-1.jpg\" width=\"670\" height=\"250\" srcset=\"http:\/\/ahac.net\/ahac-ar\/wp-content\/uploads\/2014\/01\/GENEO_okenski_sistemi_-_prospekt_za_inveritorja-data-1.jpg 670w, http:\/\/ahac.net\/ahac-ar\/wp-content\/uploads\/2014\/01\/GENEO_okenski_sistemi_-_prospekt_za_inveritorja-data-1-300x111.jpg 300w\" sizes=\"(max-width: 670px) 100vw, 670px\" \/><\/p>\n<div style=\"text-align: center;\">\n<hr \/>\n<p>\u00a0<\/p><\/div>\n<div>\n<table border=\"0\">\n<tbody>\n<tr>\n<td><a title=\"PVC okna Geneo\" href=\"http:\/\/ahac.net\/ahac-ar\/?page_id=371\"><img decoding=\"async\" class=\"aligncenter\" id=\"\" alt=\"GENEO - z vlakni oja\u010dan premium sistem , globine 86 mm za najvi\u0161je standarde oblikovanja in funkcionalnosti\" src=\"http:\/\/www.rehau.com\/linkableblob\/SI_sl\/494816\/teaserImageMedium\/GENEO_okna-teaserImageMedium.jpg\" \/><\/a><\/td>\n<td><a title=\"PVC okna Geneo za pasivne hi\u0161e\" href=\"http:\/\/ahac.net\/ahac-ar\/?page_id=384\"><img decoding=\"async\" class=\"aligncenter\" id=\"\" alt=\"GENEO PHZ - GENEO certificirana varianta za pasivne hi\u0161e\" src=\"http:\/\/www.rehau.com\/linkableblob\/SI_sl\/494640\/teaserImageMedium\/GENEO_PHZ-teaserImageMedium.jpg\" \/><\/a><\/td>\n<td><a title=\"PVC okna EURO\" href=\"http:\/\/ahac.net\/ahac-ar\/?page_id=399\"><img decoding=\"async\" class=\"aligncenter\" id=\"\" alt=\"PVC sistem z vgradno globino 86 mm za energetsko var\u010dna okna po najnovej\u0161ih standardih \" src=\"http:\/\/www.rehau.com\/linkableblob\/SI_sl\/494758\/teaserImageMedium\/Euro-Design_86_plus-teaserImageMedium.jpg\" \/> <\/a><\/td>\n<\/tr>\n<tr>\n<td style=\"text-align: center;\"><a title=\"PVC okna Geneo\" href=\"http:\/\/ahac.net\/ahac-ar\/?page_id=371\">PVC OKNA GENEO<\/a><\/td>\n<td style=\"text-align: center;\">\u00a0<a title=\"PVC okna Geneo za pasivne hi\u0161e\" href=\"http:\/\/ahac.net\/ahac-ar\/?page_id=384\">PVC OKNA GENEO PHZ<\/a><\/td>\n<td style=\"text-align: center;\"><a title=\"PVC okna EURO\" href=\"http:\/\/ahac.net\/ahac-ar\/?page_id=399\">\u00a0PVC OKNA Euro-Design 86 plus<\/a><\/td>\n<\/tr>\n<tr>\n<td>\u00a0<\/td>\n<td>\u00a0<\/td>\n<td>\u00a0<\/td>\n<\/tr>\n<tr>\n<td>\u00a0<a title=\"PVC okna Brilliant Design\" href=\"http:\/\/ahac.net\/ahac-ar\/?page_id=411\"><img decoding=\"async\" class=\"aligncenter\" id=\"\" alt=\"Brillant-Design - PVC-Sistem v 70mm-debelini\" src=\"http:\/\/www.rehau.com\/linkableblob\/SI_sl\/494688\/teaserImageMedium\/Brillant-Design-teaserImageMedium.jpg\" \/><\/a><\/td>\n<td><a title=\"PVC okna EURO\" href=\"http:\/\/ahac.net\/ahac-ar\/?page_id=434\"><img decoding=\"async\" class=\"aligncenter\" id=\"\" alt=\"Euro-Design 70 - PVC sistem z vgradno globino 70 mm za gradnjo objektov  \" src=\"http:\/\/www.rehau.com\/linkableblob\/SI_sl\/494722\/teaserImageMedium\/Euro-Design_70-teaserImageMedium.jpg\" \/><\/a><\/td>\n<td><br title=\"Katalog rehau Geneo PDF\" \/><\/p>\n<p>&nbsp;<\/p>\n<\/td>\n<\/tr>\n<tr>\n<td style=\"text-align: center;\">\u00a0<a title=\"PVC okna Brilliant Design\" href=\"http:\/\/ahac.net\/ahac-ar\/?page_id=411\">PVC OKNA Brillant-Design<\/a><\/td>\n<td style=\"text-align: center;\">\u00a0<a title=\"PVC okna EURO\" href=\"http:\/\/ahac.net\/ahac-ar\/?page_id=434\">PVC OKNA Euro-Design 70<\/a><\/td>\n<td style=\"text-align: center;\">\u00a0<\/td>\n<\/tr>\n<tr>\n<td>\u00a0<\/td>\n<td>\u00a0<\/td>\n<td>\u00a0<\/td>\n<\/tr>\n<\/tbody>\n<\/table>\n<\/div>\n<div>\u00a0<\/div>\n<hr \/>\n<p>&nbsp;<\/p>\n<p><strong>Okna &#8211; PVC, ALU PVC in LESENA OKNA, VRATA in SEN\u010cILA AHAC A&amp;R<\/strong><\/p>\n<p style=\"text-align: justify;\">V za\u010detku leta 2007 smo pri\u010deli z lastno proizvodnjo PVC oken in vrat iz profilov REHAU in okovja G-U ter ROTO. \u017de prej pa smo bili poobla\u0161\u010deni monter in serviser PVC elementov drugih proizvajalcev. Za ve\u010d informacij si oglejte katalog REHAU. V njem najdete opise ter tehni\u010dne lastnosti oken iz programa REHAU BRILLIANT-DESIGN.<\/p>\n<p style=\"text-align: justify;\">V na\u0161a PVC okna vgrajujemo termoizolacijska steklo priznanega proizvajalca Termoglas d.o.o., ki sledi vsem zahtevam, ki jih postavljajo novi in vedno zahtevnej\u0161i standardi. Z na\u0161im dobaviteljem smo pri\u010deli s tr\u017eenjem izolacijskega stekla CLIMAGUARD PREMIUM, ki po novem standardu dosega toplotno prehodnost u=1,1 W\/m2 K (po prej\u0161njem bi to pomenilo k=1,0 W\/m2 K!).<\/p>\n<p style=\"text-align: justify;\">Vse ve\u010d je tudi povpra\u0161evanja po bolj\u0161i izolativnosti PVC stavbnega pohi\u0161tva. Za bolj zahtevne stranke nam podjetje Termoglas dobavlja tudi troslojno steklo termopan v sestavi 4-12-4 low e -12-4 low e, s \u010dimer dose\u017eemo toplotno prehodnost Ug = 0,7 W\/m2 K.<\/p>\n<p style=\"text-align: justify;\">V kolikor razmi\u0161ljate o nakupu PVC stavbnega pohi\u0161tva, nas o tem obvestite. K vam bomo napotili enega svojih monterjev, ki vam bo na podlagi va\u0161ih \u017eelja, naredil natan\u010dne izmere elementov ter vam hkrati tudi svetoval. Vsi na\u0161i izdelki bodo imeli obljubljene lastnosti, \u010de jih bodo na objekt vgradili na\u0161i monterji, ki upo\u0161tevajo standarde monta\u017ee, po smernicah podjetja REHAU.<\/p>\n<p style=\"text-align: justify;\">Poleg na\u0161ih lastnih monterjev, so vam na voljo tudi slede\u010di poobla\u0161\u010deni monterji:<\/p>\n<p>ROMAN AHAC s.p., Prapre\u010de 20a, 1420 Trbovlje<br \/> \u0160ALI\u0106 TOMO s.p., \u0160u\u0161tarjeva kolonija 12, 1420 Trbovlje<br \/> ALE\u0160 PETEK s.p., Pod Ostrim vrhom 27\/b, 1420 Trbovlje<br \/> AHAC IN\u017dENIRING d.o.o., Kolonija 1 maja 7, 1420 Trbovlje<\/p>\n<p style=\"text-align: justify;\">S tem, ko vgrajene elemente vgradijo in testirajo poobla\u0161\u010deni monterji, pridobite pravico do uveljavitve garancijskih postopkov in brezpla\u010dnega servisa za napake, katerim ni botrovala neustrezna uporaba.<\/p>\n<p style=\"text-align: justify;\">V na\u0161em podjetju za dopla\u010dilo ponujamo tudi RAL monta\u017eo (sistem troslojnege vgrajevanja stavbnega pohi\u0161tva podjetja ILLBRUCK). Na\u0161 program obsega okenske tesnilne sisteme: illbruck Duo, i3 in illmond Trio. S temi sistemi dose\u017eemo, da so trajnost in toplotno-izolacijske latnosti fasadnega okenskega priklju\u010dnega spoja podobne, kot jih imajo sosednji deli stavbe v skladu z lokalnimi predpisi, ki sledijo Direktivi Sveta 2002\/91\/ES.<\/p>\n<p style=\"text-align: justify;\">\u00a0<\/p>\n<p>\u00a0<strong>KATALOGI OKNA IN VRATA REHAU<\/strong><\/p>\n<table border=\"0\">\n<tbody>\n<tr>\n<td><strong><img loading=\"lazy\" decoding=\"async\" alt=\"pdf_small\" src=\"http:\/\/ahac.net\/ahac-ar\/wp-content\/uploads\/2014\/01\/pdf_small.gif\" width=\"16\" height=\"16\" \/> <\/strong><a title=\"Katalog rehau Geneo PDF\" href=\"https:\/\/drive.google.com\/file\/d\/0B16EJDHKi4TvN20zR25yRGlBVWs\/edit?usp=sharing\" target=\"_blank\">Katalog Rehau Geneo Ahac (pdf)<\/a><strong><\/strong><\/td>\n<td>\u00a0<\/td>\n<td><strong><img loading=\"lazy\" decoding=\"async\" alt=\"issuulogo\" src=\"http:\/\/ahac.net\/ahac-ar\/wp-content\/uploads\/2014\/01\/issuulogo.jpg\" width=\"16\" height=\"16\" \/> <\/strong><a title=\"http:\/\/issuu.com\/ahac\/docs\/rehau_geneo_ahac_14022014\" href=\"http:\/\/issuu.com\/ahac\/docs\/rehau_geneo_ahac_14022014\" target=\"_blank\">Katalog Rehau Geneo Ahac (flash)<\/a><\/td>\n<\/tr>\n<tr>\n<td><img loading=\"lazy\" decoding=\"async\" alt=\"pdf_small\" src=\"http:\/\/ahac.net\/ahac-ar\/wp-content\/uploads\/2014\/01\/pdf_small.gif\" width=\"16\" height=\"16\" \/> <a title=\"https:\/\/drive.google.com\/file\/d\/0B16EJDHKi4Tvc1hyTzZzNjljaUU\/edit?usp=sharing\" href=\"https:\/\/drive.google.com\/file\/d\/0B16EJDHKi4Tvc1hyTzZzNjljaUU\/edit?usp=sharing\" target=\"_blank\">Katalog PVC ALU okna Rehau Geneo (pdf)<\/a><\/td>\n<td>\u00a0<\/td>\n<td><img loading=\"lazy\" decoding=\"async\" alt=\"issuulogo\" src=\"http:\/\/ahac.net\/ahac-ar\/wp-content\/uploads\/2014\/01\/issuulogo.jpg\" width=\"16\" height=\"16\" \/> <a title=\"http:\/\/issuu.com\/ahac\/docs\/980703_sl_aluvorsatzschale_07-2013_?e=10557547\/6699159\" href=\"http:\/\/issuu.com\/ahac\/docs\/980703_sl_aluvorsatzschale_07-2013_?e=10557547\/6699159\" target=\"_blank\">Katalog PVC ALU okna Rehau Geneo (flash)<\/a><\/td>\n<\/tr>\n<tr>\n<td>\u00a0<\/td>\n<td>\u00a0<\/td>\n<td>\u00a0<\/td>\n<\/tr>\n<tr>\n<td><strong><img loading=\"lazy\" decoding=\"async\" alt=\"pdf_small\" src=\"http:\/\/ahac.net\/ahac-ar\/wp-content\/uploads\/2014\/01\/pdf_small.gif\" width=\"16\" height=\"16\" \/> <\/strong><a title=\"https:\/\/drive.google.com\/file\/d\/0B16EJDHKi4TvZzU4ZFM4cnJpdE0\/edit?usp=sharing\" href=\"https:\/\/drive.google.com\/file\/d\/0B16EJDHKi4TvZzU4ZFM4cnJpdE0\/edit?usp=sharing\" target=\"_blank\">Barvna karta REHAU &#8211; RAL sistem (pdf)<\/a><\/td>\n<td>\u00a0<\/td>\n<td><img loading=\"lazy\" decoding=\"async\" alt=\"issuulogo\" src=\"http:\/\/ahac.net\/ahac-ar\/wp-content\/uploads\/2014\/01\/issuulogo.jpg\" width=\"16\" height=\"16\" \/> <a title=\"http:\/\/issuu.com\/ahac\/docs\/okenski__sistemi_prospekt_oblik_bar\" href=\"http:\/\/issuu.com\/ahac\/docs\/okenski__sistemi_prospekt_oblik_bar\" target=\"_blank\">Barvna karta &#8211; RAL sistem (flash)<\/a><\/td>\n<\/tr>\n<tr>\n<td><strong><img loading=\"lazy\" decoding=\"async\" alt=\"pdf_small\" src=\"http:\/\/ahac.net\/ahac-ar\/wp-content\/uploads\/2014\/01\/pdf_small.gif\" width=\"16\" height=\"16\" \/> <\/strong><a title=\"https:\/\/drive.google.com\/file\/d\/0B16EJDHKi4TvMF9ILWNZbE1ib1U\/edit?usp=sharing\" href=\"https:\/\/drive.google.com\/file\/d\/0B16EJDHKi4TvMF9ILWNZbE1ib1U\/edit?usp=sharing\" target=\"_blank\">Barvna karta REHAU standardna &#8211; od lesa do UNI (pdf)<\/a><\/td>\n<td>\u00a0<\/td>\n<td><img loading=\"lazy\" decoding=\"async\" alt=\"issuulogo\" src=\"http:\/\/ahac.net\/ahac-ar\/wp-content\/uploads\/2014\/01\/issuulogo.jpg\" width=\"16\" height=\"16\" \/> <a title=\"http:\/\/issuu.com\/ahac\/docs\/standardna__barvna_karta_700062_12_\" href=\"http:\/\/issuu.com\/ahac\/docs\/standardna__barvna_karta_700062_12_\" target=\"_blank\">Barvna karta REHAU standardna &#8211; od lesa do UNI (flash)<\/a><\/td>\n<\/tr>\n<tr>\n<td><a title=\"https:\/\/drive.google.com\/file\/d\/0B16EJDHKi4TvVkd1a201ZF9uRkk\/edit?usp=sharing\" href=\"https:\/\/drive.google.com\/file\/d\/0B16EJDHKi4TvVkd1a201ZF9uRkk\/edit?usp=sharing\" target=\"_blank\"><img loading=\"lazy\" decoding=\"async\" alt=\"pdf_small\" src=\"http:\/\/ahac.net\/ahac-ar\/wp-content\/uploads\/2014\/01\/pdf_small.gif\" width=\"16\" height=\"16\" \/> Barvna karta REHAU izvenstandardna &#8211; od lesa do UNI (pdf)<\/a><\/td>\n<td>\u00a0<\/td>\n<td><img loading=\"lazy\" decoding=\"async\" alt=\"issuulogo\" src=\"http:\/\/ahac.net\/ahac-ar\/wp-content\/uploads\/2014\/01\/issuulogo.jpg\" width=\"16\" height=\"16\" \/> <a title=\"http:\/\/issuu.com\/ahac\/docs\/izvenstandardna_karta_700063__12_20\" href=\"http:\/\/issuu.com\/ahac\/docs\/izvenstandardna_karta_700063__12_20\" target=\"_blank\">Barvna karta REHAU izvenstandardna &#8211; od lesa do UNI (flash)<\/a><\/td>\n<\/tr>\n<\/tbody>\n<\/table>\n<p>&nbsp;<\/p>\n<p style=\"text-align: justify;\">\u00a0<\/p>\n<p style=\"text-align: justify;\"><strong><a title=\"Okna in vrata\" href=\"http:\/\/ahac.net\/ahac-ar\/?page_id=925\">Galerija oken in vrat &gt;<\/a><\/strong><\/p>\n<hr \/>\n<p><a title=\"Program polic\" href=\"http:\/\/ahac.net\/ahac-ar\/?page_id=295\"><img loading=\"lazy\" decoding=\"async\" class=\"size-thumbnail wp-image-884 alignleft\" alt=\"policaalu\" src=\"http:\/\/ahac.net\/ahac-ar\/wp-content\/uploads\/2014\/01\/policaalu-150x150.jpg\" width=\"150\" height=\"150\" \/><\/a><a title=\"Program polic\" href=\"http:\/\/ahac.net\/ahac-ar\/?page_id=295\">Oglejte si tudi program okenskih polic &gt;<\/a><\/p>\n<p>&nbsp;<\/p>\n<p>&nbsp;<\/p>\n<hr \/>\n<p style=\"text-align: justify;\">\u00a0Pri PVC oknih je klju\u010dnega pomena tudi lahkotnost rokovanja. Nova zasnova tesnil in uporaba kvalitetnega GU okovja, skrbi za prijetno in ob\u010dutno la\u017eje zapiranje in odpiranje okna.<\/p>\n","protected":false},"excerpt":{"rendered":"<p>\u00a0 PVC OKNA GENEO \u00a0PVC OKNA GENEO PHZ \u00a0PVC OKNA Euro-Design 86 plus \u00a0 \u00a0 \u00a0 \u00a0 &nbsp; \u00a0PVC OKNA Brillant-Design \u00a0PVC OKNA Euro-Design 70 \u00a0 \u00a0 \u00a0 \u00a0 \u00a0 &nbsp; Okna &#8211; PVC, ALU PVC in LESENA OKNA, VRATA in SEN\u010cILA AHAC A&amp;R V za\u010detku leta 2007 smo pri\u010deli z lastno proizvodnjo PVC oken [&hellip;]<\/p>\n","protected":false},"author":5,"featured_media":0,"parent":0,"menu_order":0,"comment_status":"open","ping_status":"closed","template":"page-sidebar-right.php","meta":{"footnotes":""},"_links":{"self":[{"href":"http:\/\/ahac.net\/ahac-ar\/wp-json\/wp\/v2\/pages\/259"}],"collection":[{"href":"http:\/\/ahac.net\/ahac-ar\/wp-json\/wp\/v2\/pages"}],"about":[{"href":"http:\/\/ahac.net\/ahac-ar\/wp-json\/wp\/v2\/types\/page"}],"author":[{"embeddable":true,"href":"http:\/\/ahac.net\/ahac-ar\/wp-json\/wp\/v2\/users\/5"}],"replies":[{"embeddable":true,"href":"http:\/\/ahac.net\/ahac-ar\/wp-json\/wp\/v2\/comments?post=259"}],"version-history":[{"count":70,"href":"http:\/\/ahac.net\/ahac-ar\/wp-json\/wp\/v2\/pages\/259\/revisions"}],"predecessor-version":[{"id":1267,"href":"http:\/\/ahac.net\/ahac-ar\/wp-json\/wp\/v2\/pages\/259\/revisions\/1267"}],"wp:attachment":[{"href":"http:\/\/ahac.net\/ahac-ar\/wp-json\/wp\/v2\/media?parent=259"}],"curies":[{"name":"wp","href":"https:\/\/api.w.org\/{rel}","templated":true}]}}