{"id":514,"date":"2014-01-16T13:25:57","date_gmt":"2014-01-16T13:25:57","guid":{"rendered":"http:\/\/ahac.net\/ahac-ar\/?page_id=514"},"modified":"2014-05-22T13:11:54","modified_gmt":"2014-05-22T13:11:54","slug":"predokenski-sistem-rolet","status":"publish","type":"page","link":"http:\/\/ahac.net\/ahac-ar\/sencila\/predokenski-sistem-rolet\/","title":{"rendered":"Predokenski sistem rolet"},"content":{"rendered":"<p style=\"vertical-align: top; text-align: left;\"><span style=\"font-size: small;\">Je idealna re\u0161itev za \u017ee dokon\u010dane objekte, ker se sistem pritrdi neposredno na okvir okna, v posebnih primerih tudi na fasado.<\/span><\/p>\n<p style=\"vertical-align: top; text-align: left;\"><span style=\"font-size: small;\">Monta\u017ea je preprosta in hitra. S predokenjskimi roletami lahko zaradi velikega izbora razli\u010dnih barv omarice, vodil in lamel vplivate na zunanji videz objekta.<\/span><\/p>\n<p style=\"vertical-align: top; text-align: left;\"><span style=\"font-size: small;\">Omarica, vodila in zaklju\u010dna letev so iz aluminija in pra\u0161no barvani. Lamele so lahko aluminijaste ali iz ekstrudirane plastike.<\/span><\/p>\n<hr \/>\n<p style=\"vertical-align: top; text-align: left;\">\u00a0<\/p>\n<table style=\"vertical-align: top; text-align: left;\" border=\"0\">\n<tbody style=\"vertical-align: top; text-align: left;\">\n<tr style=\"vertical-align: top; text-align: left;\">\n<td style=\"vertical-align: top; text-align: left;\" rowspan=\"2\">\n<p style=\"vertical-align: top; text-align: justify;\"><span style=\"font-size: small;\">Pri predokenskem sistemu lahko izbirate med \u0161tirimi razli\u010dnimi oblikami omaric \u2013\u00a0polokroglo, okroglo, 45- in 20-stopinjsko. Vse oblike so dobavljive v dveh izvedbah. Iz valjanega aluminija, kjer je debelina aluminija pri omaricah 0,8 mm, in iz ekstrudiranega aluminija, kjer je debelina omarice 2 mm. Vse druge komponente \u2013\u00a0vodila, stranski pokrovi omaric, mehanizem \u2013\u00a0so enake.BARVEStandnardne barve vodil, omarice in zaklju\u010dne letve so BELA, BEIGE, SREBRNA IN \u010cOKOLADNO RJAVA. Za dopla\u010dilo lahko izberete katerokoli barvo po lestvici RAL. Izvedba po\u0161evnih rolet je mogo\u010da le z ALU-lamelnim pla\u0161\u010dem.<\/span><\/p>\n<p style=\"vertical-align: top; text-align: justify;\"><span style=\"font-size: small;\"><strong>ROLETNI PLA\u0160\u010c<br \/><\/strong>je lahko PVC ali ALU, polnjen z izolacijsko peno.<\/span><\/p>\n<p style=\"vertical-align: top; text-align: justify;\"><span style=\"font-size: small;\"><strong>KRMILJENJE<br \/><\/strong>rolete je lahko ro\u010dno ali avtomatizirano (elektromotor, programska ura, senzorji).<\/span><\/p>\n<p style=\"vertical-align: top; text-align: justify;\"><span style=\"font-size: small;\"><strong>INTEGRIRANI KOMARNIK<br \/><\/strong>V vse modele predokenskih rolet je mogo\u010de vgraditi tudi integrirani komarnik ali namesto komarnika dodatno\u00a0sen\u010dilo\u00a0screen<\/span><\/p>\n<p style=\"vertical-align: top; text-align: left;\"><span style=\"font-size: small;\">\u00a0<\/span><\/p>\n<\/td>\n<td style=\"vertical-align: top; text-align: left; width: 20px;\">\n<p style=\"vertical-align: top; text-align: left;\">\u00a0<\/p>\n<\/td>\n<td style=\"vertical-align: top; text-align: left;\"><a href=\"http:\/\/ahac.net\/ahac-ar\/wp-content\/uploads\/2014\/01\/predokenski-sistem-rolet_20_stopinjska_omarica.jpg\"><img loading=\"lazy\" decoding=\"async\" class=\"alignnone size-thumbnail wp-image-527\" alt=\"predokenski-sistem-rolet_20_stopinjska_omarica\" src=\"http:\/\/ahac.net\/ahac-ar\/wp-content\/uploads\/2014\/01\/predokenski-sistem-rolet_20_stopinjska_omarica-150x150.jpg\" width=\"200\" height=\"200\" srcset=\"http:\/\/ahac.net\/ahac-ar\/wp-content\/uploads\/2014\/01\/predokenski-sistem-rolet_20_stopinjska_omarica-150x150.jpg 150w, http:\/\/ahac.net\/ahac-ar\/wp-content\/uploads\/2014\/01\/predokenski-sistem-rolet_20_stopinjska_omarica-300x300.jpg 300w, http:\/\/ahac.net\/ahac-ar\/wp-content\/uploads\/2014\/01\/predokenski-sistem-rolet_20_stopinjska_omarica.jpg 531w\" sizes=\"(max-width: 200px) 100vw, 200px\" \/><\/a><\/td>\n<td style=\"vertical-align: top; text-align: left; width: 10px;\">\u00a0<\/td>\n<td style=\"vertical-align: top; text-align: left;\"><a href=\"http:\/\/ahac.net\/ahac-ar\/wp-content\/uploads\/2014\/01\/predokenski-sistem-rolet_45_stopinjska_omarica.jpg\"><img loading=\"lazy\" decoding=\"async\" class=\"alignnone size-thumbnail wp-image-528\" alt=\"predokenski-sistem-rolet_45_stopinjska_omarica\" src=\"http:\/\/ahac.net\/ahac-ar\/wp-content\/uploads\/2014\/01\/predokenski-sistem-rolet_45_stopinjska_omarica-150x150.jpg\" width=\"200\" height=\"200\" \/><\/a><\/td>\n<\/tr>\n<tr style=\"vertical-align: top; text-align: left;\">\n<td style=\"vertical-align: top; text-align: left;\">\u00a0<\/td>\n<td style=\"vertical-align: top; text-align: left;\"><a href=\"http:\/\/ahac.net\/ahac-ar\/wp-content\/uploads\/2014\/01\/predokenski-sistem-rolet_polokrogla_omarica.jpg\"><img loading=\"lazy\" decoding=\"async\" class=\"alignnone size-thumbnail wp-image-530\" style=\"vertical-align: top;\" alt=\"predokenski-sistem-rolet_polokrogla_omarica\" src=\"http:\/\/ahac.net\/ahac-ar\/wp-content\/uploads\/2014\/01\/predokenski-sistem-rolet_polokrogla_omarica-150x150.jpg\" width=\"200\" height=\"200\" \/><\/a><\/td>\n<td style=\"vertical-align: top; text-align: left;\">\u00a0<\/td>\n<td style=\"vertical-align: top; text-align: left;\"><a href=\"http:\/\/ahac.net\/ahac-ar\/wp-content\/uploads\/2014\/01\/predokenski-sistem-rolet_okrogla_omarica.jpg\"><img loading=\"lazy\" decoding=\"async\" class=\"alignnone size-thumbnail wp-image-529\" alt=\"predokenski-sistem-rolet_okrogla_omarica\" src=\"http:\/\/ahac.net\/ahac-ar\/wp-content\/uploads\/2014\/01\/predokenski-sistem-rolet_okrogla_omarica-150x150.jpg\" width=\"200\" height=\"200\" srcset=\"http:\/\/ahac.net\/ahac-ar\/wp-content\/uploads\/2014\/01\/predokenski-sistem-rolet_okrogla_omarica-150x150.jpg 150w, http:\/\/ahac.net\/ahac-ar\/wp-content\/uploads\/2014\/01\/predokenski-sistem-rolet_okrogla_omarica-300x298.jpg 300w, http:\/\/ahac.net\/ahac-ar\/wp-content\/uploads\/2014\/01\/predokenski-sistem-rolet_okrogla_omarica.jpg 531w\" sizes=\"(max-width: 200px) 100vw, 200px\" \/><\/a><\/td>\n<\/tr>\n<\/tbody>\n<\/table>\n<p style=\"vertical-align: top; text-align: left;\">\u00a0<\/p>\n<p style=\"vertical-align: top; text-align: left;\">\u00a0<\/p>\n<p style=\"vertical-align: top; text-align: left;\">\u00a0<\/p>\n<p style=\"vertical-align: top; text-align: left;\">\u00a0<\/p>\n","protected":false},"excerpt":{"rendered":"<p>Je idealna re\u0161itev za \u017ee dokon\u010dane objekte, ker se sistem pritrdi neposredno na okvir okna, v posebnih primerih tudi na fasado. Monta\u017ea je preprosta in hitra. S predokenjskimi roletami lahko zaradi velikega izbora razli\u010dnih barv omarice, vodil in lamel vplivate na zunanji videz objekta. Omarica, vodila in zaklju\u010dna letev so iz aluminija in pra\u0161no barvani. [&hellip;]<\/p>\n","protected":false},"author":5,"featured_media":0,"parent":293,"menu_order":0,"comment_status":"open","ping_status":"closed","template":"page-sidebar-right.php","meta":{"footnotes":""},"_links":{"self":[{"href":"http:\/\/ahac.net\/ahac-ar\/wp-json\/wp\/v2\/pages\/514"}],"collection":[{"href":"http:\/\/ahac.net\/ahac-ar\/wp-json\/wp\/v2\/pages"}],"about":[{"href":"http:\/\/ahac.net\/ahac-ar\/wp-json\/wp\/v2\/types\/page"}],"author":[{"embeddable":true,"href":"http:\/\/ahac.net\/ahac-ar\/wp-json\/wp\/v2\/users\/5"}],"replies":[{"embeddable":true,"href":"http:\/\/ahac.net\/ahac-ar\/wp-json\/wp\/v2\/comments?post=514"}],"version-history":[{"count":20,"href":"http:\/\/ahac.net\/ahac-ar\/wp-json\/wp\/v2\/pages\/514\/revisions"}],"predecessor-version":[{"id":1380,"href":"http:\/\/ahac.net\/ahac-ar\/wp-json\/wp\/v2\/pages\/514\/revisions\/1380"}],"up":[{"embeddable":true,"href":"http:\/\/ahac.net\/ahac-ar\/wp-json\/wp\/v2\/pages\/293"}],"wp:attachment":[{"href":"http:\/\/ahac.net\/ahac-ar\/wp-json\/wp\/v2\/media?parent=514"}],"curies":[{"name":"wp","href":"https:\/\/api.w.org\/{rel}","templated":true}]}}