{"id":748,"date":"2014-01-20T13:10:59","date_gmt":"2014-01-20T13:10:59","guid":{"rendered":"http:\/\/ahac.net\/ahac-ar\/?page_id=748"},"modified":"2014-01-20T13:12:26","modified_gmt":"2014-01-20T13:12:26","slug":"industrijska-dvizna-vrata","status":"publish","type":"page","link":"http:\/\/ahac.net\/ahac-ar\/garazna-vrata\/garazna-vrata\/industrijska-dvizna-vrata\/","title":{"rendered":"Industrijska dvi\u017ena vrata"},"content":{"rendered":"<p><img decoding=\"async\" class=\"alignleft\" alt=\"\" src=\"http:\/\/www.mkl-systems.si\/images\/INDUSTRIJA.jpg\" \/><\/p>\n<p align=\"justify\">Industrijska sekcijska vrata MKL so zasnovana in izdelana v skladu z varnostnimi predpisi dolo\u010denimi z evropskim standardom EN 13241-1. Udobnost zagotavljajo visoki dose\u017eki na testiranjih v usposobljenih laboratorijih za ugotavljanje prepustnosti zraka, vode, vetrovne odpornosti ter toplotne in zvo\u010dne izolacije. Industrijska dvi\u017ena vrata so izdelana po meri. Segmenti vrat so sestavljeni iz jeklene pocinkane plo\u010devine in vmesne polivretanske mase kot izolacije debeline 4cm. V prostorih kjer \u017eelimo preko vrat pridobiti ve\u010djo prepustnost svetlobe, vam ponudimo industrijska dvi\u017ena vrata Full Vision. Segmenti so sestavljeni iz aluminijastih profilov v katera so vgrajena termopan plexi stekla.\u00a0<\/p>\n<p align=\"justify\">V ponudbi imamo tudi industrijska dvi\u017ena vrata z \u00a08cm izolacijo. Vrata so primerna za hladilnice in zamrzovalne komore. Taka vrata se lahko odpirajo samo vertikalni smeri.<\/p>\n<p><strong>Izvedba vodil<\/strong><\/p>\n<hr \/>\n<p>Glede na prostor in zahtevo naro\u010dnika izberemo primerna vodila.<br \/> Lo\u010dimo jih na:<\/p>\n<ul>\n<li>Standardna vodila<\/li>\n<li>Vodila za povi\u0161ano odpiranje<\/li>\n<li>Vodila za vertikalno odpiranje<\/li>\n<\/ul>\n<p>&nbsp;<\/p>\n<table border=\"0\">\n<tbody>\n<tr>\n<td dir=\"\" id=\"\" lang=\"\" scope=\"\" align=\"\" valign=\"top\"><img decoding=\"async\" title=\"Standardna vodila gara\u017enih vrat\" alt=\"Standardna vodila gara\u017enih vrat\" src=\"http:\/\/www.mkl-systems.si\/images\/stories\/vodila\/pb1.jpg\" \/><\/td>\n<td>\u00a0<\/td>\n<td dir=\"\" id=\"\" lang=\"\" scope=\"\" align=\"\" valign=\"top\"><img decoding=\"async\" title=\"Vodila za povi\u0161ano odpiranje gara\u017enih vrat\" alt=\"Vodila za povi\u0161ano odpiranje gara\u017enih vrat\" src=\"http:\/\/www.mkl-systems.si\/images\/stories\/vodila\/pb2.jpg\" \/><\/td>\n<td>\u00a0<\/td>\n<td dir=\"\" id=\"\" lang=\"\" scope=\"\" align=\"\" valign=\"top\"><img decoding=\"async\" title=\"Vodila za vertikalno odpiranje gara\u017enih vrat\" alt=\"Vodila za vertikalno odpiranje gara\u017enih vrat\" src=\"http:\/\/www.mkl-systems.si\/images\/stories\/vodila\/pb3.jpg\" \/><\/td>\n<\/tr>\n<tr>\n<td align=\"center\">Standardna vodila<\/td>\n<td>\u00a0<\/td>\n<td align=\"center\">Vodila za povi\u0161ano odpiranje<\/td>\n<td>\u00a0<\/td>\n<td align=\"center\">\n<p>Vodila za vertikalno odpiranje<\/p>\n<\/td>\n<\/tr>\n<\/tbody>\n<\/table>\n<p>&nbsp;<\/p>\n<p><strong>Motivi vrat<\/strong><\/p>\n<hr \/>\n<p>&nbsp;<\/p>\n<p>&nbsp;<\/p>\n<table border=\"0\" cellspacing=\"1\" cellpadding=\"1\">\n<tbody>\n<tr>\n<td><img decoding=\"async\" alt=\"\" src=\"http:\/\/www.mkl-systems.si\/images\/stories\/vzorci-novi\/mr%20majhen.jpg\" \/><\/td>\n<td>\u00a0<\/td>\n<td><img decoding=\"async\" alt=\"\" src=\"http:\/\/www.mkl-systems.si\/images\/stories\/vzorci-novi\/INDUSTRIJAILMALA.jpg\" \/><\/td>\n<\/tr>\n<tr>\n<td>VALOVIT VZOREC (MR)<\/td>\n<td>\u00a0<\/td>\n<td>INDUSTRIJSKI VZOREC (IL)<\/td>\n<\/tr>\n<\/tbody>\n<\/table>\n<p>&nbsp;<\/p>\n<p><strong>Osebni prehod<\/strong><\/p>\n<hr \/>\n<p>Za va\u0161e ve\u010dje udobje in prakti\u010dnost vam v industrijska dvi\u017ena vrata vgradimo vrata za <span style=\"text-decoration: underline;\"><strong><a href=\"http:\/\/www.mkl-systems.si\/nasa-ponudba\/osebni-prehod-z-nizkim-pragom\">osebni prehod<\/a><\/strong>.<\/span><\/p>\n<div align=\"justify\">\u00a0<\/div>\n<div align=\"justify\">\u00a0<\/div>\n<div align=\"justify\"><strong>Paleta barv<\/strong><\/div>\n<hr \/>\n<div align=\"justify\">\n<table border=\"0\">\n<tbody>\n<tr>\n<td dir=\"\" id=\"\" lang=\"\" scope=\"\" align=\"\" valign=\"top\">\n<p>Osnovna in \u0161e vedno najpogostej\u0161a barva pri industrijskih vratih je bela ali siva. Vendar vam po \u017eelji nudimo vse mogo\u010de barve prikazane na barvni RAL lestvici.<\/p>\n<p>&nbsp;<\/p>\n<p>&nbsp;<\/p>\n<p>&nbsp;<\/p>\n<p>&nbsp;<\/p>\n<p>&nbsp;<\/p>\n<p>&nbsp;<\/p>\n<p>&nbsp;<\/p>\n<\/td>\n<td dir=\"\" id=\"\" lang=\"\" scope=\"\" align=\"\" valign=\"\">\u00a0<\/td>\n<td dir=\"\" id=\"\" lang=\"\" scope=\"\" align=\"center\" valign=\"top\">\n<p><a href=\"http:\/\/www.mkl-systems.si\/images\/stories\/mkl\/ral.jpg\" rel=\"[me]\"><img decoding=\"async\" alt=\"\" src=\"http:\/\/www.mkl-systems.si\/images\/stories\/mkl\/ral_t.jpg\" \/><\/a><\/p>\n<p>&nbsp;<\/p>\n<\/td>\n<\/tr>\n<\/tbody>\n<\/table>\n<\/div>\n<div align=\"justify\">\n<div align=\"justify\">\n<div align=\"justify\"><strong>Pogoni industrijskih dvi\u017enih vrat<\/strong><\/div>\n<hr \/>\n<div align=\"justify\">Vsa industrijska dvi\u017ena vrata iz na\u0161ega programa so opremljena z profesionalnimi pogoni LiftMaster. Ve\u010d o industrijskih pogonih si lahko preberete na spodnji povezavi<\/div>\n<div>\u00a0<\/div>\n<div><a href=\"http:\/\/www.mkl-systems.si\/images\/KATALOGI\/ind.pdf\" target=\"_blank\"><img decoding=\"async\" alt=\"\" src=\"http:\/\/www.mkl-systems.si\/images\/KATALOGI\/INDUSTRIJSKA_VRATA_LM.jpg\" \/><\/a><\/div>\n<\/div>\n<div>\u00a0<\/div>\n<div><a href=\"http:\/\/www.mkl-systems.si\/images\/KATALOGI\/ind.pdf\" target=\"_blank\">Ve\u010d o pogonih industrijskih vrat&gt;&gt;<\/a><\/div>\n<div align=\"justify\"><strong>Varnost vrat<\/strong><\/div>\n<hr \/>\n<div align=\"justify\">Industrijska dvi\u017ena vrata so izdelana po zahtevnem evropskem normativu EN 13241-1, kateri dolo\u010da:<\/div>\n<\/div>\n<div align=\"justify\">\n<ul>\n<li>vrata morajo biti za\u0161\u010ditena pred padcem v slu\u010daju zloma vzmeti ali pretrga pletenice<\/li>\n<li>vrata se morajo ob dotiku na oviro samodejno ustavitii oz. se obrniti v nasprotno smer. To dose\u017eemo z vgradnjo fotocelice v spodnjo gumo.<\/li>\n<\/ul>\n<\/div>\n<table border=\"0\" align=\"center\">\n<tbody>\n<tr>\n<td dir=\"\" id=\"\" lang=\"\" scope=\"\" align=\"\" valign=\"\"><img decoding=\"async\" title=\"Varnost industrijskih dvi\u017enih gara\u017enih vrat\" alt=\"Varnost industrijskih dvi\u017enih gara\u017enih vrat\" src=\"http:\/\/www.mkl-systems.si\/images\/stories\/varnost\/varnost1.jpg\" \/><\/td>\n<td dir=\"\" id=\"\" lang=\"\" scope=\"\" align=\"\" valign=\"\">\u00a0<\/td>\n<td dir=\"\" id=\"\" lang=\"\" scope=\"\" align=\"\" valign=\"\"><img decoding=\"async\" title=\"Varnost industrijskih dvi\u017enih gara\u017enih vrat\" alt=\"Varnost industrijskih dvi\u017enih gara\u017enih vrat\" src=\"http:\/\/www.mkl-systems.si\/images\/stories\/varnost\/varnost2.jpg\" \/><\/td>\n<\/tr>\n<tr>\n<td>\u00a0<\/td>\n<td>\u00a0<\/td>\n<td>\u00a0<\/td>\n<\/tr>\n<tr>\n<td dir=\"\" id=\"\" lang=\"\" scope=\"\" align=\"\" valign=\"\"><img decoding=\"async\" title=\"Varnost industrijskih dvi\u017enih gara\u017enih vrat\" alt=\"Varnost industrijskih dvi\u017enih gara\u017enih vrat\" src=\"http:\/\/www.mkl-systems.si\/images\/stories\/varnost\/varnost3.jpg\" \/><\/td>\n<td>\u00a0<\/td>\n<td dir=\"\" id=\"\" lang=\"\" scope=\"\" align=\"\" valign=\"\"><img decoding=\"async\" class=\"alignleft\" title=\"Varnost industrijskih dvi\u017enih gara\u017enih vrat\" alt=\"Varnost industrijskih dvi\u017enih gara\u017enih vrat\" src=\"http:\/\/www.mkl-systems.si\/images\/stories\/varnost\/varnost4.jpg\" \/><\/td>\n<\/tr>\n<\/tbody>\n<\/table>\n","protected":false},"excerpt":{"rendered":"<p>Industrijska sekcijska vrata MKL so zasnovana in izdelana v skladu z varnostnimi predpisi dolo\u010denimi z evropskim standardom EN 13241-1. Udobnost zagotavljajo visoki dose\u017eki na testiranjih v usposobljenih laboratorijih za ugotavljanje prepustnosti zraka, vode, vetrovne odpornosti ter toplotne in zvo\u010dne izolacije. Industrijska dvi\u017ena vrata so izdelana po meri. Segmenti vrat so sestavljeni iz jeklene pocinkane plo\u010devine [&hellip;]<\/p>\n","protected":false},"author":5,"featured_media":0,"parent":619,"menu_order":40,"comment_status":"open","ping_status":"closed","template":"page-sidebar-right.php","meta":{"footnotes":""},"_links":{"self":[{"href":"http:\/\/ahac.net\/ahac-ar\/wp-json\/wp\/v2\/pages\/748"}],"collection":[{"href":"http:\/\/ahac.net\/ahac-ar\/wp-json\/wp\/v2\/pages"}],"about":[{"href":"http:\/\/ahac.net\/ahac-ar\/wp-json\/wp\/v2\/types\/page"}],"author":[{"embeddable":true,"href":"http:\/\/ahac.net\/ahac-ar\/wp-json\/wp\/v2\/users\/5"}],"replies":[{"embeddable":true,"href":"http:\/\/ahac.net\/ahac-ar\/wp-json\/wp\/v2\/comments?post=748"}],"version-history":[{"count":3,"href":"http:\/\/ahac.net\/ahac-ar\/wp-json\/wp\/v2\/pages\/748\/revisions"}],"predecessor-version":[{"id":751,"href":"http:\/\/ahac.net\/ahac-ar\/wp-json\/wp\/v2\/pages\/748\/revisions\/751"}],"up":[{"embeddable":true,"href":"http:\/\/ahac.net\/ahac-ar\/wp-json\/wp\/v2\/pages\/619"}],"wp:attachment":[{"href":"http:\/\/ahac.net\/ahac-ar\/wp-json\/wp\/v2\/media?parent=748"}],"curies":[{"name":"wp","href":"https:\/\/api.w.org\/{rel}","templated":true}]}}

Industrijska dvižna vrata

<p><img decoding="async" class="alignleft" alt="" src="http://www.mkl-systems.si/images/INDUSTRIJA.jpg" /></p>
<p align="justify">Industrijska sekcijska vrata MKL so zasnovana in izdelana v skladu z varnostnimi predpisi določenimi z evropskim standardom EN 13241-1. Udobnost zagotavljajo visoki dosežki na testiranjih v usposobljenih laboratorijih za ugotavljanje prepustnosti zraka, vode, vetrovne odpornosti ter toplotne in zvočne izolacije. Industrijska dvižna vrata so izdelana po meri. Segmenti vrat so sestavljeni iz jeklene pocinkane pločevine in vmesne polivretanske mase kot izolacije debeline 4cm. V prostorih kjer želimo preko vrat pridobiti večjo prepustnost svetlobe, vam ponudimo industrijska dvižna vrata Full Vision. Segmenti so sestavljeni iz aluminijastih profilov v katera so vgrajena termopan plexi stekla. </p>
<p align="justify">V ponudbi imamo tudi industrijska dvižna vrata z  8cm izolacijo. Vrata so primerna za hladilnice in zamrzovalne komore. Taka vrata se lahko odpirajo samo vertikalni smeri.</p>
<p><strong>Izvedba vodil</strong></p>
<hr />
<p>Glede na prostor in zahtevo naročnika izberemo primerna vodila.<br /> Ločimo jih na:</p>
<ul>
<li>Standardna vodila</li>
<li>Vodila za povišano odpiranje</li>
<li>Vodila za vertikalno odpiranje</li>
</ul>
<p>&nbsp;</p>
<table border="0">
<tbody>
<tr>
<td dir="" id="" lang="" scope="" align="" valign="top"><img decoding="async" title="Standardna vodila garažnih vrat" alt="Standardna vodila garažnih vrat" src="http://www.mkl-systems.si/images/stories/vodila/pb1.jpg" /></td>
<td> </td>
<td dir="" id="" lang="" scope="" align="" valign="top"><img decoding="async" title="Vodila za povišano odpiranje garažnih vrat" alt="Vodila za povišano odpiranje garažnih vrat" src="http://www.mkl-systems.si/images/stories/vodila/pb2.jpg" /></td>
<td> </td>
<td dir="" id="" lang="" scope="" align="" valign="top"><img decoding="async" title="Vodila za vertikalno odpiranje garažnih vrat" alt="Vodila za vertikalno odpiranje garažnih vrat" src="http://www.mkl-systems.si/images/stories/vodila/pb3.jpg" /></td>
</tr>
<tr>
<td align="center">Standardna vodila</td>
<td> </td>
<td align="center">Vodila za povišano odpiranje</td>
<td> </td>
<td align="center">
<p>Vodila za vertikalno odpiranje</p>
</td>
</tr>
</tbody>
</table>
<p>&nbsp;</p>
<p><strong>Motivi vrat</strong></p>
<hr />
<p>&nbsp;</p>
<p>&nbsp;</p>
<table border="0" cellspacing="1" cellpadding="1">
<tbody>
<tr>
<td><img decoding="async" alt="" src="http://www.mkl-systems.si/images/stories/vzorci-novi/mr%20majhen.jpg" /></td>
<td> </td>
<td><img decoding="async" alt="" src="http://www.mkl-systems.si/images/stories/vzorci-novi/INDUSTRIJAILMALA.jpg" /></td>
</tr>
<tr>
<td>VALOVIT VZOREC (MR)</td>
<td> </td>
<td>INDUSTRIJSKI VZOREC (IL)</td>
</tr>
</tbody>
</table>
<p>&nbsp;</p>
<p><strong>Osebni prehod</strong></p>
<hr />
<p>Za vaše večje udobje in praktičnost vam v industrijska dvižna vrata vgradimo vrata za <span style="text-decoration: underline;"><strong><a href="http://www.mkl-systems.si/nasa-ponudba/osebni-prehod-z-nizkim-pragom">osebni prehod</a></strong>.</span></p>
<div align="justify"> </div>
<div align="justify"> </div>
<div align="justify"><strong>Paleta barv</strong></div>
<hr />
<div align="justify">
<table border="0">
<tbody>
<tr>
<td dir="" id="" lang="" scope="" align="" valign="top">
<p>Osnovna in še vedno najpogostejša barva pri industrijskih vratih je bela ali siva. Vendar vam po želji nudimo vse mogoče barve prikazane na barvni RAL lestvici.</p>
<p>&nbsp;</p>
<p>&nbsp;</p>
<p>&nbsp;</p>
<p>&nbsp;</p>
<p>&nbsp;</p>
<p>&nbsp;</p>
<p>&nbsp;</p>
</td>
<td dir="" id="" lang="" scope="" align="" valign=""> </td>
<td dir="" id="" lang="" scope="" align="center" valign="top">
<p><a href="http://www.mkl-systems.si/images/stories/mkl/ral.jpg" rel="[me]"><img decoding="async" alt="" src="http://www.mkl-systems.si/images/stories/mkl/ral_t.jpg" /></a></p>
<p>&nbsp;</p>
</td>
</tr>
</tbody>
</table>
</div>
<div align="justify">
<div align="justify">
<div align="justify"><strong>Pogoni industrijskih dvižnih vrat</strong></div>
<hr />
<div align="justify">Vsa industrijska dvižna vrata iz našega programa so opremljena z profesionalnimi pogoni LiftMaster. Več o industrijskih pogonih si lahko preberete na spodnji povezavi</div>
<div> </div>
<div><a href="http://www.mkl-systems.si/images/KATALOGI/ind.pdf" target="_blank"><img decoding="async" alt="" src="http://www.mkl-systems.si/images/KATALOGI/INDUSTRIJSKA_VRATA_LM.jpg" /></a></div>
</div>
<div> </div>
<div><a href="http://www.mkl-systems.si/images/KATALOGI/ind.pdf" target="_blank">Več o pogonih industrijskih vrat&gt;&gt;</a></div>
<div align="justify"><strong>Varnost vrat</strong></div>
<hr />
<div align="justify">Industrijska dvižna vrata so izdelana po zahtevnem evropskem normativu EN 13241-1, kateri določa:</div>
</div>
<div align="justify">
<ul>
<li>vrata morajo biti zaščitena pred padcem v slučaju zloma vzmeti ali pretrga pletenice</li>
<li>vrata se morajo ob dotiku na oviro samodejno ustavitii oz. se obrniti v nasprotno smer. To dosežemo z vgradnjo fotocelice v spodnjo gumo.</li>
</ul>
</div>
<table border="0" align="center">
<tbody>
<tr>
<td dir="" id="" lang="" scope="" align="" valign=""><img decoding="async" title="Varnost industrijskih dvižnih garažnih vrat" alt="Varnost industrijskih dvižnih garažnih vrat" src="http://www.mkl-systems.si/images/stories/varnost/varnost1.jpg" /></td>
<td dir="" id="" lang="" scope="" align="" valign=""> </td>
<td dir="" id="" lang="" scope="" align="" valign=""><img decoding="async" title="Varnost industrijskih dvižnih garažnih vrat" alt="Varnost industrijskih dvižnih garažnih vrat" src="http://www.mkl-systems.si/images/stories/varnost/varnost2.jpg" /></td>
</tr>
<tr>
<td> </td>
<td> </td>
<td> </td>
</tr>
<tr>
<td dir="" id="" lang="" scope="" align="" valign=""><img decoding="async" title="Varnost industrijskih dvižnih garažnih vrat" alt="Varnost industrijskih dvižnih garažnih vrat" src="http://www.mkl-systems.si/images/stories/varnost/varnost3.jpg" /></td>
<td> </td>
<td dir="" id="" lang="" scope="" align="" valign=""><img decoding="async" class="alignleft" title="Varnost industrijskih dvižnih garažnih vrat" alt="Varnost industrijskih dvižnih garažnih vrat" src="http://www.mkl-systems.si/images/stories/varnost/varnost4.jpg" /></td>
</tr>
</tbody>
</table>

<p>Industrijska sekcijska vrata MKL so zasnovana in izdelana v skladu z varnostnimi predpisi določenimi z evropskim standardom EN 13241-1. Udobnost zagotavljajo visoki dosežki na testiranjih v usposobljenih laboratorijih za ugotavljanje prepustnosti zraka, vode, vetrovne odpornosti ter toplotne in zvočne izolacije. Industrijska dvižna vrata so izdelana po meri. Segmenti vrat so sestavljeni iz jeklene pocinkane pločevine [&hellip;]</p>
