{"id":849,"date":"2014-01-22T13:09:53","date_gmt":"2014-01-22T13:09:53","guid":{"rendered":"http:\/\/ahac.net\/ahac-ar\/?page_id=849"},"modified":"2014-01-22T13:28:01","modified_gmt":"2014-01-22T13:28:01","slug":"pogoni-dviznih-garaznih-vrat","status":"publish","type":"page","link":"http:\/\/ahac.net\/ahac-ar\/garazna-vrata\/garazna-vrata\/pogoni-dviznih-garaznih-vrat\/","title":{"rendered":"Pogoni dvi\u017enih gara\u017enih vrat"},"content":{"rendered":"<p><span style=\"font-size: medium;\"><strong>NOVA LINIJA POGONOV LIFT MASTER<\/strong><\/span><\/p>\n<p><span style=\"font-size: small;\">Nova linija pogonov LiftMaster \u00a0je izdelana po\u00a0\u017eeljah evropskih kupcev. Zdru\u017euje prefinjen dizajn z inovativno tehnologijo. Pogoni so v stanju mirovanja izredno var\u010dni, poraba zna\u0161a le \u00a00,8W. Prav tako so najhitrej\u0161i pogoni na trgu z hitrostjo 200mm\/s<\/span>.\u00a0<\/p>\n<p>&nbsp;<\/p>\n<p><img decoding=\"async\" alt=\"\" src=\"http:\/\/www.mkl-systems.si\/images\/Stran_z_motorji.jpg\" \/><\/p>\n<p>&nbsp;<\/p>\n<p><span style=\"font-size: small;\">Izredno tiho in gladko odpiranje vas bo naravnost navdu\u0161ilo. Pri novih pogonih dvi\u017enih gara\u017enih vrat <strong>MKL-Systems<\/strong> ne uporablja ve\u010d klasi\u010dne \u017earnice, pa\u010d pa <strong>LED tehnologijo<\/strong>. Prednost je vsekakor dalj\u0161a \u017eivljenska doba LED modula, ter bolj\u0161a osvetlitev prostora. Vklju\u010dno z novimi pogoni, na trg prihajajo novi estetsko dovr\u0161eni 2 in 4-kanalni daljinci, z za\u0161\u010dito proti samodejnemu pro\u017eenju.<\/span><\/p>\n<table border=\"0\" cellspacing=\"1\" cellpadding=\"1\">\n<tbody>\n<tr>\n<td><img decoding=\"async\" alt=\"\" src=\"http:\/\/www.mkl-systems.si\/images\/slaika_daljinek.jpg\" \/><\/td>\n<td><span style=\"font-size: small;\">Novi 4-kanalni daljin\u010dek z za\u0161\u010dito proti samodejnemu pro\u017eenju<\/span><\/td>\n<\/tr>\n<\/tbody>\n<\/table>\n<p>&nbsp;<\/p>\n<p><span style=\"text-decoration: underline; font-size: medium;\"><strong>NA VOLJO SO POGONI DVI\u017dNIH VRAT:<\/strong><\/span><\/p>\n<table border=\"2\" cellspacing=\"1\" cellpadding=\"1\">\n<tbody>\n<tr>\n<td><strong>VRSTA POGONA<\/strong><\/td>\n<td><strong>POVR\u0160INA VRAT<\/strong><\/td>\n<td><strong>HITROST ODPIRANJA v (mm\/s)<\/strong><\/td>\n<\/tr>\n<tr>\n<td><a href=\"http:\/\/www.mkl-systems.si\/images\/KATALOGI\/LM60EV.pdf\" target=\"_blank\"><strong>LiftMaster \u00a060EV\u00a0<\/strong><\/a><\/td>\n<td><a href=\"http:\/\/www.mkl-systems.si\/images\/KATALOGI\/LM60EV.pdf\" target=\"_blank\"><strong>do 10,7m2<\/strong><\/a><\/td>\n<td><a href=\"http:\/\/www.mkl-systems.si\/images\/KATALOGI\/LM60EV.pdf\" target=\"_blank\"><strong>160<\/strong><\/a><\/td>\n<\/tr>\n<tr>\n<td><a href=\"http:\/\/www.mkl-systems.si\/images\/KATALOGI\/LM80EV.pdf\" target=\"_blank\"><strong>LiftMaster 80EV<\/strong><\/a><\/td>\n<td><a href=\"http:\/\/www.mkl-systems.si\/images\/KATALOGI\/LM80EV.pdf\" target=\"_blank\"><strong>do 13,5m2<\/strong><\/a><\/td>\n<td><a href=\"http:\/\/www.mkl-systems.si\/images\/KATALOGI\/LM80EV.pdf\" target=\"_blank\"><strong>200<\/strong><\/a><\/td>\n<\/tr>\n<tr>\n<td><a href=\"http:\/\/www.mkl-systems.si\/images\/KATALOGI\/LM100EV.pdf\" target=\"_blank\"><strong>LiftMaster 100EV<\/strong><\/a><\/td>\n<td><a href=\"http:\/\/www.mkl-systems.si\/images\/KATALOGI\/LM100EV.pdf\" target=\"_blank\"><strong>do 16m2<\/strong><\/a><\/td>\n<td><a href=\"http:\/\/www.mkl-systems.si\/images\/KATALOGI\/LM100EV.pdf\" target=\"_blank\"><strong>200<\/strong><\/a><\/td>\n<\/tr>\n<\/tbody>\n<\/table>\n<p>&nbsp;<\/p>\n<p><span style=\"font-size: medium;\"><strong>SVETOVNA NOVOST MYQ<\/strong><\/span><\/p>\n<p><span style=\"font-size: small;\"><strong>MKL-Systems<\/strong> v povezavi z podjetjem <strong>LiftMaster<\/strong> ponuja svetovno novost na podro\u010dju odpiranja gara\u017enih vrat. Poleg do sedaj znanega odpiranja z pomo\u010djo daljinca, \u010ditalca prstnih odtisov ali kodnega klju\u010da, vam sedaj ponujamo tudi odpiranje vrat z pametnim \u00a0mobilnim telefonom, preko <strong>internetnega vmesnika<\/strong> (gateway) . Tako imate popoln nadzor nad va\u0161imi gara\u017enimi vrati kjerkoli na svetu.Vrata lahko odpirate in zapirate, prav tako lahko preverite kdaj so bila va\u0161a gara\u017ena vrata nazadnje odprta oz. koliko \u010dasa so odprta. . Sistem vas lahko tudi opozori v trenutko ko se va\u0161a vrata odprejo (v primeru da ste na dopustu).<\/span><\/p>\n<p><img decoding=\"async\" alt=\"\" src=\"http:\/\/www.mkl-systems.si\/images\/LMPHONE760.jpg\" \/><\/p>\n<p>&nbsp;<\/p>\n<p><span style=\"font-size: small;\"><strong>KAKO DELUJE:<\/strong><\/span><\/p>\n<p><img decoding=\"async\" alt=\"\" src=\"http:\/\/www.mkl-systems.si\/images\/Kako_deluje_MyQ.JPG\" \/><\/p>\n<p><strong><span style=\"font-size: small;\">PREDNOSTI NOVIH POGONOV:\u00a0<\/span><\/strong><\/p>\n<table border=\"1\" cellspacing=\"1\" cellpadding=\"1\">\n<tbody>\n<tr>\n<td><img decoding=\"async\" alt=\"\" src=\"http:\/\/www.mkl-systems.si\/images\/HITROST.png\" \/><\/td>\n<td><span style=\"font-size: small;\">Hitrost odpiranja 200mm\/s<\/span><\/td>\n<\/tr>\n<tr>\n<td><img decoding=\"async\" alt=\"\" src=\"http:\/\/www.mkl-systems.si\/images\/IKONA_MYQ.png\" \/><\/td>\n<td><span style=\"font-size: small;\">MyQ &#8211; Revolucionarna tehnologija na <br \/>podro\u010dju odpiranja gara\u017enih vrat<\/span>\u00a0<\/td>\n<\/tr>\n<tr>\n<td><img decoding=\"async\" alt=\"\" src=\"http:\/\/www.mkl-systems.si\/images\/WIFI_IKONA.png\" \/><\/td>\n<td><span style=\"font-size: small;\">Omogo\u010da delovanje pogona in daljinca <br \/>na najbolj zanesljivi frekvenci do sedaj<\/span><\/td>\n<\/tr>\n<tr>\n<td><img decoding=\"async\" alt=\"\" src=\"http:\/\/www.mkl-systems.si\/images\/TIHO_DELOVANJE.png\" \/><\/td>\n<td><span style=\"font-size: small;\">Izredno tiho delovanje pogona<\/span>\u00a0<\/td>\n<\/tr>\n<tr>\n<td><img decoding=\"async\" alt=\"\" src=\"http:\/\/www.mkl-systems.si\/images\/PORABA.png\" \/><\/td>\n<td><span style=\"font-size: small;\">Nizka poraba v stanju mirovanja<\/span><\/td>\n<\/tr>\n<tr>\n<td><img decoding=\"async\" alt=\"\" src=\"http:\/\/www.mkl-systems.si\/images\/LED_TEHNOLOGIJA.png\" \/><\/td>\n<td><span style=\"font-size: small;\">LED tehnologija osvetlitve prostora<\/span><\/td>\n<\/tr>\n<\/tbody>\n<\/table>\n<p>\u00a0 \u00a0 \u00a0<\/p>\n<p>&nbsp;<\/p>\n<p>\u00a0<a title=\"video Liftmaster\" href=\"https:\/\/www.youtube.com\/watch?v=eoe0utFQmbo&amp;feature=player_embedded\"><span style=\"font-size: large;\"><strong>VIDEO:<\/strong><\/span><\/a><\/p>\n<div>\u00a0<\/div>\n<div>\u00a0<\/div>\n<p>&nbsp;<\/p>\n<p><span style=\"font-size: medium;\"><strong>DODATNE SLIKE:<\/strong><\/span><\/p>\n<table border=\"1\" cellspacing=\"1\" cellpadding=\"1\">\n<tbody>\n<tr>\n<td><a href=\"http:\/\/www.mkl-systems.si\/images\/POGON3V.jpg\" rel=\"[me]\"><img decoding=\"async\" alt=\"\" src=\"http:\/\/www.mkl-systems.si\/images\/POGON3M.jpg\" \/><\/a><\/td>\n<td>\u00a0<\/td>\n<td><a href=\"http:\/\/www.mkl-systems.si\/images\/POGON2V.jpg\" rel=\"[me]\"><img decoding=\"async\" alt=\"\" src=\"http:\/\/www.mkl-systems.si\/images\/POGON2M.jpg\" \/><\/a><\/td>\n<\/tr>\n<tr>\n<td><a href=\"http:\/\/www.mkl-systems.si\/images\/POGON4V.jpg\" rel=\"[me]\"><img decoding=\"async\" alt=\"\" src=\"http:\/\/www.mkl-systems.si\/images\/POGON4M.jpg\" \/><\/a><\/td>\n<td>\u00a0<\/td>\n<td><a href=\"http:\/\/www.mkl-systems.si\/images\/POGON5V.jpg\" rel=\"[me]\"><img decoding=\"async\" alt=\"\" src=\"http:\/\/www.mkl-systems.si\/images\/POGON5M.jpg\" \/><\/a><\/td>\n<\/tr>\n<tr>\n<td><a href=\"http:\/\/www.mkl-systems.si\/images\/POGON9V.jpg\" rel=\"[me]\"><img decoding=\"async\" alt=\"\" src=\"http:\/\/www.mkl-systems.si\/images\/POGON9M.jpg\" \/><\/a><\/td>\n<td>\u00a0<\/td>\n<td><a href=\"http:\/\/www.mkl-systems.si\/images\/POGON8V.jpg\" rel=\"[me]\"><img decoding=\"async\" alt=\"\" src=\"http:\/\/www.mkl-systems.si\/images\/POGON8M.jpg\" \/><\/a><\/td>\n<\/tr>\n<tr>\n<td><a href=\"http:\/\/www.mkl-systems.si\/images\/POGON6V.jpg\" rel=\"[me]\"><img decoding=\"async\" alt=\"\" src=\"http:\/\/www.mkl-systems.si\/images\/POGON6M.jpg\" \/><\/a><\/td>\n<td>\u00a0<\/td>\n<td><a href=\"http:\/\/www.mkl-systems.si\/images\/POGON7V.jpg\" rel=\"[me]\"><img decoding=\"async\" alt=\"\" src=\"http:\/\/www.mkl-systems.si\/images\/POGON7M.jpg\" \/><\/a><\/td>\n<\/tr>\n<tr>\n<td><a href=\"http:\/\/www.mkl-systems.si\/images\/POGON1V.jpg\" rel=\"[me]\"><img decoding=\"async\" alt=\"\" src=\"http:\/\/www.mkl-systems.si\/images\/POGON1M.jpg\" \/><\/a><\/td>\n<td>\u00a0<\/td>\n<td><a href=\"http:\/\/www.mkl-systems.si\/images\/POGON10V.jpg\" rel=\"[me]\"><img decoding=\"async\" alt=\"\" src=\"http:\/\/www.mkl-systems.si\/images\/POGON10M.jpg\" \/><\/a><\/td>\n<\/tr>\n<\/tbody>\n<\/table>\n<p>&nbsp;<\/p>\n<p><span style=\"font-size: medium;\"><strong>POGONI INDUSTRIJSKIH DVI\u017dNIH VRAT:<\/strong><\/span><\/p>\n<table border=\"0\" cellspacing=\"1\" cellpadding=\"1\">\n<tbody>\n<tr>\n<td align=\"left\" valign=\"top\">\n<p>\u00a0<a href=\"http:\/\/www.mkl-systems.si\/images\/KATALOGI\/ind.pdf\" target=\"_blank\"><img loading=\"lazy\" decoding=\"async\" alt=\"\" src=\"http:\/\/www.mkl-systems.si\/images\/KATALOGI\/INDUSTRIJSKA_VRATA_LM.jpg\" width=\"250\" height=\"345\" \/><\/a><\/p>\n<p><a href=\"http:\/\/www.mkl-systems.si\/images\/KATALOGI\/ind.pdf\" target=\"_blank\">Ve\u010d&gt;&gt;<\/a><\/p>\n<\/td>\n<\/tr>\n<\/tbody>\n<\/table>\n","protected":false},"excerpt":{"rendered":"<p>NOVA LINIJA POGONOV LIFT MASTER Nova linija pogonov LiftMaster \u00a0je izdelana po\u00a0\u017eeljah evropskih kupcev. Zdru\u017euje prefinjen dizajn z inovativno tehnologijo. Pogoni so v stanju mirovanja izredno var\u010dni, poraba zna\u0161a le \u00a00,8W. Prav tako so najhitrej\u0161i pogoni na trgu z hitrostjo 200mm\/s.\u00a0 &nbsp; &nbsp; Izredno tiho in gladko odpiranje vas bo naravnost navdu\u0161ilo. Pri novih pogonih [&hellip;]<\/p>\n","protected":false},"author":5,"featured_media":0,"parent":619,"menu_order":0,"comment_status":"open","ping_status":"closed","template":"page-sidebar-right.php","meta":{"footnotes":""},"_links":{"self":[{"href":"http:\/\/ahac.net\/ahac-ar\/wp-json\/wp\/v2\/pages\/849"}],"collection":[{"href":"http:\/\/ahac.net\/ahac-ar\/wp-json\/wp\/v2\/pages"}],"about":[{"href":"http:\/\/ahac.net\/ahac-ar\/wp-json\/wp\/v2\/types\/page"}],"author":[{"embeddable":true,"href":"http:\/\/ahac.net\/ahac-ar\/wp-json\/wp\/v2\/users\/5"}],"replies":[{"embeddable":true,"href":"http:\/\/ahac.net\/ahac-ar\/wp-json\/wp\/v2\/comments?post=849"}],"version-history":[{"count":6,"href":"http:\/\/ahac.net\/ahac-ar\/wp-json\/wp\/v2\/pages\/849\/revisions"}],"predecessor-version":[{"id":860,"href":"http:\/\/ahac.net\/ahac-ar\/wp-json\/wp\/v2\/pages\/849\/revisions\/860"}],"up":[{"embeddable":true,"href":"http:\/\/ahac.net\/ahac-ar\/wp-json\/wp\/v2\/pages\/619"}],"wp:attachment":[{"href":"http:\/\/ahac.net\/ahac-ar\/wp-json\/wp\/v2\/media?parent=849"}],"curies":[{"name":"wp","href":"https:\/\/api.w.org\/{rel}","templated":true}]}}